{"id":3320,"date":"2020-03-02T17:11:46","date_gmt":"2020-03-02T14:11:46","guid":{"rendered":"http:\/\/afrus.ru\/ekaterinbourg\/contact\/"},"modified":"2020-03-02T17:11:46","modified_gmt":"2020-03-02T14:11:46","slug":"contact","status":"publish","type":"page","link":"https:\/\/afrus.ru\/ekaterinbourg\/fr\/contact\/","title":{"rendered":"Contact"},"content":{"rendered":"<h3>L&#8217;Alliance Fran\u00e7aise d&#8217;Ekaterinbourg vous accueille de 10h \u00e0 21h du lundi au vendredi, de 10h \u00e0 16h le samedi et le dimanche.<\/h3>\r\n<h3>Notre adresse<\/h3>\r\n<p>81, avenue&nbsp;L\u00e9nine (Entr\u00e9e par la rue Mitchurina)<\/p>\r\n<p><iframe loading=\"lazy\" src=\"https:\/\/www.google.com\/maps\/embed?pb=!1m18!1m12!1m3!1d2182.255971736747!2d60.627163115760254!3d56.841553080858525!2m3!1f0!2f0!3f0!3m2!1i1024!2i768!4f13.1!3m3!1m2!1s0x43c16e83d8412d01%3A0xd86dc3a381a46941!2sprosp.+Lenina%2C+81%2C+Yekaterinburg%2C+Sverdlovskaya+oblast'%2C+Russie%2C+620075!5e0!3m2!1sfr!2sfr!4v1492685820912\" style=\"border: 0;\" width=\"600\" height=\"450\" frameborder=\"0\"><\/iframe><\/p>","protected":false},"excerpt":{"rendered":"<p>L&#8217;Alliance Fran\u00e7aise d&#8217;Ekaterinbourg vous accueille de 10h \u00e0 21h du lundi au vendredi, de 10h \u00e0 16h le samedi et le dimanche. Notre adresse 81, avenue&nbsp;L\u00e9nine (Entr\u00e9e par la rue Mitchurina)<\/p>\n","protected":false},"author":1,"featured_media":0,"parent":0,"menu_order":0,"comment_status":"closed","ping_status":"closed","template":"","meta":{"inline_featured_image":false,"footnotes":""},"class_list":["post-3320","page","type-page","status-publish","hentry"],"_links":{"self":[{"href":"https:\/\/afrus.ru\/ekaterinbourg\/wp-json\/wp\/v2\/pages\/3320"}],"collection":[{"href":"https:\/\/afrus.ru\/ekaterinbourg\/wp-json\/wp\/v2\/pages"}],"about":[{"href":"https:\/\/afrus.ru\/ekaterinbourg\/wp-json\/wp\/v2\/types\/page"}],"author":[{"embeddable":true,"href":"https:\/\/afrus.ru\/ekaterinbourg\/wp-json\/wp\/v2\/users\/1"}],"replies":[{"embeddable":true,"href":"https:\/\/afrus.ru\/ekaterinbourg\/wp-json\/wp\/v2\/comments?post=3320"}],"version-history":[{"count":1,"href":"https:\/\/afrus.ru\/ekaterinbourg\/wp-json\/wp\/v2\/pages\/3320\/revisions"}],"predecessor-version":[{"id":3321,"href":"https:\/\/afrus.ru\/ekaterinbourg\/wp-json\/wp\/v2\/pages\/3320\/revisions\/3321"}],"wp:attachment":[{"href":"https:\/\/afrus.ru\/ekaterinbourg\/wp-json\/wp\/v2\/media?parent=3320"}],"curies":[{"name":"wp","href":"https:\/\/api.w.org\/{rel}","templated":true}]}}