{"id":13192,"date":"2026-03-12T11:08:44","date_gmt":"2026-03-12T08:08:44","guid":{"rendered":"https:\/\/afrus.ru\/irkoutsk\/?page_id=13192"},"modified":"2026-03-14T11:17:22","modified_gmt":"2026-03-14T08:17:22","slug":"avgust-aout-2025","status":"publish","type":"page","link":"https:\/\/afrus.ru\/irkoutsk\/avgust-aout-2025\/","title":{"rendered":"\u0410\u0432\u0433\u0443\u0441\u0442 \/ Ao\u00fbt 2025"},"content":{"rendered":"\n<p id=\"block-0a235de9-8c64-4c8f-baab-6f956a5bc209\">\u0421\u043f\u0430\u0441\u0438\u0431\u043e \u0443\u0447\u0430\u0441\u0442\u043d\u0438\u043a\u0430\u043c \u043a\u0443\u043b\u044c\u0442\u0443\u0440\u043d\u043e-\u043b\u0438\u043d\u0433\u0432\u0438\u0441\u0442\u0438\u0447\u0435\u0441\u043a\u043e\u0439 \u0441\u0442\u0430\u0436\u0438\u0440\u043e\u0432\u043a\u0438 \u0432 \u0430\u0432\u0433\u0443\u0441\u0442\u0435-2025 : \u041b\u043e\u0440\u0430\u043d\u0443, \u0410\u043b\u0435\u043a\u0441\u0430\u043d\u0434\u0440\u0435, \u0414\u043c\u0438\u0442\u0440\u0438\u044e, \u0410\u043d\u0430\u0441\u0442\u0430\u0441\u0438\u0438, \u0415\u043b\u0435\u043d\u0435, \u0410\u043d\u0430\u0441\u0442\u0430\u0441\u0438\u0438, \u0410\u043d\u0433\u0435\u043b\u0438\u043d\u0435 \u0438 \u0422\u0438\u043c\u0443\u0440\u0443!<\/p>\n\n\n\n<p id=\"block-93367b7a-0dda-4f74-8c7f-395ca4150989\">S\u00e9jour d\u2019\u00e9t\u00e9 202, merci \u00e0 nos participants : Laurent, Aleksandra, Dmitrii, Anastasiia, Elena, Anastasiia, Angelina, Timur !<\/p>\n\n\n\n<figure class=\"wp-block-gallery has-nested-images columns-default is-cropped wp-block-gallery-1 is-layout-flex wp-block-gallery-is-layout-flex\">\n<figure class=\"wp-block-image size-large\"><img loading=\"lazy\" decoding=\"async\" width=\"1024\" height=\"768\" data-id=\"13193\" src=\"https:\/\/afrus.ru\/irkoutsk\/wp-content\/uploads\/sites\/32\/2026\/03\/IMG-20250816-WA0011-1024x768.jpg\" alt=\"\" class=\"wp-image-13193\" srcset=\"https:\/\/afrus.ru\/irkoutsk\/wp-content\/uploads\/sites\/32\/2026\/03\/IMG-20250816-WA0011-1024x768.jpg 1024w, https:\/\/afrus.ru\/irkoutsk\/wp-content\/uploads\/sites\/32\/2026\/03\/IMG-20250816-WA0011-300x225.jpg 300w, https:\/\/afrus.ru\/irkoutsk\/wp-content\/uploads\/sites\/32\/2026\/03\/IMG-20250816-WA0011-768x576.jpg 768w, https:\/\/afrus.ru\/irkoutsk\/wp-content\/uploads\/sites\/32\/2026\/03\/IMG-20250816-WA0011-1536x1152.jpg 1536w, https:\/\/afrus.ru\/irkoutsk\/wp-content\/uploads\/sites\/32\/2026\/03\/IMG-20250816-WA0011.jpg 1600w\" sizes=\"(max-width: 1024px) 100vw, 1024px\" \/><\/figure>\n\n\n\n<figure class=\"wp-block-image size-large\"><img loading=\"lazy\" decoding=\"async\" width=\"768\" height=\"1024\" data-id=\"13206\" src=\"https:\/\/afrus.ru\/irkoutsk\/wp-content\/uploads\/sites\/32\/2026\/03\/IMG-20250813-WA0036-768x1024.jpg\" alt=\"\" class=\"wp-image-13206\" srcset=\"https:\/\/afrus.ru\/irkoutsk\/wp-content\/uploads\/sites\/32\/2026\/03\/IMG-20250813-WA0036-768x1024.jpg 768w, https:\/\/afrus.ru\/irkoutsk\/wp-content\/uploads\/sites\/32\/2026\/03\/IMG-20250813-WA0036-225x300.jpg 225w, https:\/\/afrus.ru\/irkoutsk\/wp-content\/uploads\/sites\/32\/2026\/03\/IMG-20250813-WA0036.jpg 960w\" sizes=\"(max-width: 768px) 100vw, 768px\" \/><\/figure>\n\n\n\n<figure class=\"wp-block-image size-large\"><img loading=\"lazy\" decoding=\"async\" width=\"768\" height=\"1024\" data-id=\"13222\" src=\"https:\/\/afrus.ru\/irkoutsk\/wp-content\/uploads\/sites\/32\/2026\/03\/IMG-20250813-WA0007-01-768x1024.jpeg\" alt=\"\" class=\"wp-image-13222\" srcset=\"https:\/\/afrus.ru\/irkoutsk\/wp-content\/uploads\/sites\/32\/2026\/03\/IMG-20250813-WA0007-01-768x1024.jpeg 768w, https:\/\/afrus.ru\/irkoutsk\/wp-content\/uploads\/sites\/32\/2026\/03\/IMG-20250813-WA0007-01-225x300.jpeg 225w, https:\/\/afrus.ru\/irkoutsk\/wp-content\/uploads\/sites\/32\/2026\/03\/IMG-20250813-WA0007-01.jpeg 960w\" sizes=\"(max-width: 768px) 100vw, 768px\" \/><\/figure>\n\n\n\n<figure class=\"wp-block-image size-large\"><img loading=\"lazy\" decoding=\"async\" width=\"1024\" height=\"768\" data-id=\"13197\" src=\"https:\/\/afrus.ru\/irkoutsk\/wp-content\/uploads\/sites\/32\/2026\/03\/20250813_102521-1024x768.jpg\" alt=\"\" class=\"wp-image-13197\" srcset=\"https:\/\/afrus.ru\/irkoutsk\/wp-content\/uploads\/sites\/32\/2026\/03\/20250813_102521-1024x768.jpg 1024w, https:\/\/afrus.ru\/irkoutsk\/wp-content\/uploads\/sites\/32\/2026\/03\/20250813_102521-300x225.jpg 300w, https:\/\/afrus.ru\/irkoutsk\/wp-content\/uploads\/sites\/32\/2026\/03\/20250813_102521-768x576.jpg 768w, https:\/\/afrus.ru\/irkoutsk\/wp-content\/uploads\/sites\/32\/2026\/03\/20250813_102521-1536x1152.jpg 1536w, https:\/\/afrus.ru\/irkoutsk\/wp-content\/uploads\/sites\/32\/2026\/03\/20250813_102521.jpg 2000w\" sizes=\"(max-width: 1024px) 100vw, 1024px\" \/><\/figure>\n\n\n\n<figure class=\"wp-block-image size-large\"><img loading=\"lazy\" decoding=\"async\" width=\"1024\" height=\"768\" data-id=\"13210\" src=\"https:\/\/afrus.ru\/irkoutsk\/wp-content\/uploads\/sites\/32\/2026\/03\/IMG-20250813-WA00251-1024x768.jpg\" alt=\"\" class=\"wp-image-13210\" srcset=\"https:\/\/afrus.ru\/irkoutsk\/wp-content\/uploads\/sites\/32\/2026\/03\/IMG-20250813-WA00251-1024x768.jpg 1024w, https:\/\/afrus.ru\/irkoutsk\/wp-content\/uploads\/sites\/32\/2026\/03\/IMG-20250813-WA00251-300x225.jpg 300w, https:\/\/afrus.ru\/irkoutsk\/wp-content\/uploads\/sites\/32\/2026\/03\/IMG-20250813-WA00251-768x576.jpg 768w, https:\/\/afrus.ru\/irkoutsk\/wp-content\/uploads\/sites\/32\/2026\/03\/IMG-20250813-WA00251.jpg 1280w\" sizes=\"(max-width: 1024px) 100vw, 1024px\" \/><\/figure>\n\n\n\n<figure class=\"wp-block-image size-large\"><img loading=\"lazy\" decoding=\"async\" width=\"1024\" height=\"768\" data-id=\"13195\" src=\"https:\/\/afrus.ru\/irkoutsk\/wp-content\/uploads\/sites\/32\/2026\/03\/IMG_9614-1024x768.jpg\" alt=\"\" class=\"wp-image-13195\" srcset=\"https:\/\/afrus.ru\/irkoutsk\/wp-content\/uploads\/sites\/32\/2026\/03\/IMG_9614-1024x768.jpg 1024w, https:\/\/afrus.ru\/irkoutsk\/wp-content\/uploads\/sites\/32\/2026\/03\/IMG_9614-300x225.jpg 300w, https:\/\/afrus.ru\/irkoutsk\/wp-content\/uploads\/sites\/32\/2026\/03\/IMG_9614-768x576.jpg 768w, https:\/\/afrus.ru\/irkoutsk\/wp-content\/uploads\/sites\/32\/2026\/03\/IMG_9614.jpg 1210w\" sizes=\"(max-width: 1024px) 100vw, 1024px\" \/><\/figure>\n\n\n\n<figure class=\"wp-block-image size-large\"><img loading=\"lazy\" decoding=\"async\" width=\"768\" height=\"1024\" data-id=\"13199\" src=\"https:\/\/afrus.ru\/irkoutsk\/wp-content\/uploads\/sites\/32\/2026\/03\/IMG_20250811_123201-768x1024.jpg\" alt=\"\" class=\"wp-image-13199\" srcset=\"https:\/\/afrus.ru\/irkoutsk\/wp-content\/uploads\/sites\/32\/2026\/03\/IMG_20250811_123201-768x1024.jpg 768w, https:\/\/afrus.ru\/irkoutsk\/wp-content\/uploads\/sites\/32\/2026\/03\/IMG_20250811_123201-225x300.jpg 225w, https:\/\/afrus.ru\/irkoutsk\/wp-content\/uploads\/sites\/32\/2026\/03\/IMG_20250811_123201.jpg 936w\" sizes=\"(max-width: 768px) 100vw, 768px\" \/><figcaption class=\"wp-element-caption\">_cuva<\/figcaption><\/figure>\n\n\n\n<figure class=\"wp-block-image size-large\"><img loading=\"lazy\" decoding=\"async\" width=\"768\" height=\"1024\" data-id=\"13218\" src=\"https:\/\/afrus.ru\/irkoutsk\/wp-content\/uploads\/sites\/32\/2026\/03\/IMG-20250813-WA0009-768x1024.jpg\" alt=\"\" class=\"wp-image-13218\" srcset=\"https:\/\/afrus.ru\/irkoutsk\/wp-content\/uploads\/sites\/32\/2026\/03\/IMG-20250813-WA0009-768x1024.jpg 768w, https:\/\/afrus.ru\/irkoutsk\/wp-content\/uploads\/sites\/32\/2026\/03\/IMG-20250813-WA0009-225x300.jpg 225w, https:\/\/afrus.ru\/irkoutsk\/wp-content\/uploads\/sites\/32\/2026\/03\/IMG-20250813-WA0009.jpg 960w\" sizes=\"(max-width: 768px) 100vw, 768px\" \/><\/figure>\n\n\n\n<figure class=\"wp-block-image size-large\"><img loading=\"lazy\" decoding=\"async\" width=\"768\" height=\"1024\" data-id=\"13203\" src=\"https:\/\/afrus.ru\/irkoutsk\/wp-content\/uploads\/sites\/32\/2026\/03\/IMG-20250815-WA0000-768x1024.jpg\" alt=\"\" class=\"wp-image-13203\" srcset=\"https:\/\/afrus.ru\/irkoutsk\/wp-content\/uploads\/sites\/32\/2026\/03\/IMG-20250815-WA0000-768x1024.jpg 768w, https:\/\/afrus.ru\/irkoutsk\/wp-content\/uploads\/sites\/32\/2026\/03\/IMG-20250815-WA0000-225x300.jpg 225w, https:\/\/afrus.ru\/irkoutsk\/wp-content\/uploads\/sites\/32\/2026\/03\/IMG-20250815-WA0000-1152x1536.jpg 1152w, https:\/\/afrus.ru\/irkoutsk\/wp-content\/uploads\/sites\/32\/2026\/03\/IMG-20250815-WA0000.jpg 1200w\" sizes=\"(max-width: 768px) 100vw, 768px\" \/><\/figure>\n\n\n\n<figure class=\"wp-block-image size-large\"><img loading=\"lazy\" decoding=\"async\" width=\"768\" height=\"1024\" data-id=\"13212\" src=\"https:\/\/afrus.ru\/irkoutsk\/wp-content\/uploads\/sites\/32\/2026\/03\/IMG-20250816-WA0004-768x1024.jpg\" alt=\"\" class=\"wp-image-13212\" srcset=\"https:\/\/afrus.ru\/irkoutsk\/wp-content\/uploads\/sites\/32\/2026\/03\/IMG-20250816-WA0004-768x1024.jpg 768w, https:\/\/afrus.ru\/irkoutsk\/wp-content\/uploads\/sites\/32\/2026\/03\/IMG-20250816-WA0004-225x300.jpg 225w, https:\/\/afrus.ru\/irkoutsk\/wp-content\/uploads\/sites\/32\/2026\/03\/IMG-20250816-WA0004-1152x1536.jpg 1152w, https:\/\/afrus.ru\/irkoutsk\/wp-content\/uploads\/sites\/32\/2026\/03\/IMG-20250816-WA0004.jpg 1200w\" sizes=\"(max-width: 768px) 100vw, 768px\" \/><\/figure>\n\n\n\n<figure class=\"wp-block-image size-large\"><img loading=\"lazy\" decoding=\"async\" width=\"768\" height=\"1024\" data-id=\"13204\" src=\"https:\/\/afrus.ru\/irkoutsk\/wp-content\/uploads\/sites\/32\/2026\/03\/IMG-20250814-WA0017-768x1024.jpg\" alt=\"\" class=\"wp-image-13204\" srcset=\"https:\/\/afrus.ru\/irkoutsk\/wp-content\/uploads\/sites\/32\/2026\/03\/IMG-20250814-WA0017-768x1024.jpg 768w, https:\/\/afrus.ru\/irkoutsk\/wp-content\/uploads\/sites\/32\/2026\/03\/IMG-20250814-WA0017-225x300.jpg 225w, https:\/\/afrus.ru\/irkoutsk\/wp-content\/uploads\/sites\/32\/2026\/03\/IMG-20250814-WA0017.jpg 960w\" sizes=\"(max-width: 768px) 100vw, 768px\" \/><\/figure>\n\n\n\n<figure class=\"wp-block-image size-large\"><img loading=\"lazy\" decoding=\"async\" width=\"768\" height=\"1024\" data-id=\"13216\" src=\"https:\/\/afrus.ru\/irkoutsk\/wp-content\/uploads\/sites\/32\/2026\/03\/IMG-20250813-WA0027-768x1024.jpg\" alt=\"\" class=\"wp-image-13216\" srcset=\"https:\/\/afrus.ru\/irkoutsk\/wp-content\/uploads\/sites\/32\/2026\/03\/IMG-20250813-WA0027-768x1024.jpg 768w, https:\/\/afrus.ru\/irkoutsk\/wp-content\/uploads\/sites\/32\/2026\/03\/IMG-20250813-WA0027-225x300.jpg 225w, https:\/\/afrus.ru\/irkoutsk\/wp-content\/uploads\/sites\/32\/2026\/03\/IMG-20250813-WA0027.jpg 960w\" sizes=\"(max-width: 768px) 100vw, 768px\" \/><\/figure>\n\n\n\n<figure class=\"wp-block-image size-large\"><img loading=\"lazy\" decoding=\"async\" width=\"1024\" height=\"768\" data-id=\"13208\" src=\"https:\/\/afrus.ru\/irkoutsk\/wp-content\/uploads\/sites\/32\/2026\/03\/IMG-20250814-WA0001-1024x768.jpg\" alt=\"\" class=\"wp-image-13208\" srcset=\"https:\/\/afrus.ru\/irkoutsk\/wp-content\/uploads\/sites\/32\/2026\/03\/IMG-20250814-WA0001-1024x768.jpg 1024w, https:\/\/afrus.ru\/irkoutsk\/wp-content\/uploads\/sites\/32\/2026\/03\/IMG-20250814-WA0001-300x225.jpg 300w, https:\/\/afrus.ru\/irkoutsk\/wp-content\/uploads\/sites\/32\/2026\/03\/IMG-20250814-WA0001-768x576.jpg 768w, https:\/\/afrus.ru\/irkoutsk\/wp-content\/uploads\/sites\/32\/2026\/03\/IMG-20250814-WA0001.jpg 1280w\" sizes=\"(max-width: 1024px) 100vw, 1024px\" \/><\/figure>\n\n\n\n<figure class=\"wp-block-image size-large\"><img loading=\"lazy\" decoding=\"async\" width=\"1024\" height=\"768\" data-id=\"13214\" src=\"https:\/\/afrus.ru\/irkoutsk\/wp-content\/uploads\/sites\/32\/2026\/03\/IMG-20250813-WA0023-1024x768.jpg\" alt=\"\" class=\"wp-image-13214\" srcset=\"https:\/\/afrus.ru\/irkoutsk\/wp-content\/uploads\/sites\/32\/2026\/03\/IMG-20250813-WA0023-1024x768.jpg 1024w, https:\/\/afrus.ru\/irkoutsk\/wp-content\/uploads\/sites\/32\/2026\/03\/IMG-20250813-WA0023-300x225.jpg 300w, https:\/\/afrus.ru\/irkoutsk\/wp-content\/uploads\/sites\/32\/2026\/03\/IMG-20250813-WA0023-768x576.jpg 768w, https:\/\/afrus.ru\/irkoutsk\/wp-content\/uploads\/sites\/32\/2026\/03\/IMG-20250813-WA0023.jpg 1280w\" sizes=\"(max-width: 1024px) 100vw, 1024px\" \/><\/figure>\n\n\n\n<figure class=\"wp-block-image size-large\"><img loading=\"lazy\" decoding=\"async\" width=\"1024\" height=\"768\" data-id=\"13220\" src=\"https:\/\/afrus.ru\/irkoutsk\/wp-content\/uploads\/sites\/32\/2026\/03\/IMG-20250813-WA0005-1024x768.jpg\" alt=\"\" class=\"wp-image-13220\" srcset=\"https:\/\/afrus.ru\/irkoutsk\/wp-content\/uploads\/sites\/32\/2026\/03\/IMG-20250813-WA0005-1024x768.jpg 1024w, https:\/\/afrus.ru\/irkoutsk\/wp-content\/uploads\/sites\/32\/2026\/03\/IMG-20250813-WA0005-300x225.jpg 300w, https:\/\/afrus.ru\/irkoutsk\/wp-content\/uploads\/sites\/32\/2026\/03\/IMG-20250813-WA0005-768x576.jpg 768w, https:\/\/afrus.ru\/irkoutsk\/wp-content\/uploads\/sites\/32\/2026\/03\/IMG-20250813-WA0005.jpg 1280w\" sizes=\"(max-width: 1024px) 100vw, 1024px\" \/><\/figure>\n\n\n\n<figure class=\"wp-block-image size-large\"><img loading=\"lazy\" decoding=\"async\" width=\"1024\" height=\"768\" data-id=\"13228\" src=\"https:\/\/afrus.ru\/irkoutsk\/wp-content\/uploads\/sites\/32\/2026\/03\/IMG-20250813-WA0003-01-1024x768.jpeg\" alt=\"\" class=\"wp-image-13228\" srcset=\"https:\/\/afrus.ru\/irkoutsk\/wp-content\/uploads\/sites\/32\/2026\/03\/IMG-20250813-WA0003-01-1024x768.jpeg 1024w, https:\/\/afrus.ru\/irkoutsk\/wp-content\/uploads\/sites\/32\/2026\/03\/IMG-20250813-WA0003-01-300x225.jpeg 300w, https:\/\/afrus.ru\/irkoutsk\/wp-content\/uploads\/sites\/32\/2026\/03\/IMG-20250813-WA0003-01-768x576.jpeg 768w, https:\/\/afrus.ru\/irkoutsk\/wp-content\/uploads\/sites\/32\/2026\/03\/IMG-20250813-WA0003-01.jpeg 1280w\" sizes=\"(max-width: 1024px) 100vw, 1024px\" \/><\/figure>\n\n\n\n<figure class=\"wp-block-image size-large\"><img loading=\"lazy\" decoding=\"async\" width=\"1024\" height=\"768\" data-id=\"13236\" src=\"https:\/\/afrus.ru\/irkoutsk\/wp-content\/uploads\/sites\/32\/2026\/03\/IMG-20250813-WA0004-01-1024x768.jpeg\" alt=\"\" class=\"wp-image-13236\" srcset=\"https:\/\/afrus.ru\/irkoutsk\/wp-content\/uploads\/sites\/32\/2026\/03\/IMG-20250813-WA0004-01-1024x768.jpeg 1024w, https:\/\/afrus.ru\/irkoutsk\/wp-content\/uploads\/sites\/32\/2026\/03\/IMG-20250813-WA0004-01-300x225.jpeg 300w, https:\/\/afrus.ru\/irkoutsk\/wp-content\/uploads\/sites\/32\/2026\/03\/IMG-20250813-WA0004-01-768x576.jpeg 768w, https:\/\/afrus.ru\/irkoutsk\/wp-content\/uploads\/sites\/32\/2026\/03\/IMG-20250813-WA0004-01.jpeg 1280w\" sizes=\"(max-width: 1024px) 100vw, 1024px\" \/><\/figure>\n\n\n\n<figure class=\"wp-block-image size-large\"><img loading=\"lazy\" decoding=\"async\" width=\"1024\" height=\"768\" data-id=\"13226\" src=\"https:\/\/afrus.ru\/irkoutsk\/wp-content\/uploads\/sites\/32\/2026\/03\/IMG-20250813-WA0002-01-1024x768.jpeg\" alt=\"\" class=\"wp-image-13226\" srcset=\"https:\/\/afrus.ru\/irkoutsk\/wp-content\/uploads\/sites\/32\/2026\/03\/IMG-20250813-WA0002-01-1024x768.jpeg 1024w, https:\/\/afrus.ru\/irkoutsk\/wp-content\/uploads\/sites\/32\/2026\/03\/IMG-20250813-WA0002-01-300x225.jpeg 300w, https:\/\/afrus.ru\/irkoutsk\/wp-content\/uploads\/sites\/32\/2026\/03\/IMG-20250813-WA0002-01-768x576.jpeg 768w, https:\/\/afrus.ru\/irkoutsk\/wp-content\/uploads\/sites\/32\/2026\/03\/IMG-20250813-WA0002-01.jpeg 1280w\" sizes=\"(max-width: 1024px) 100vw, 1024px\" \/><\/figure>\n\n\n\n<figure class=\"wp-block-image size-large\"><img loading=\"lazy\" decoding=\"async\" width=\"1024\" height=\"768\" data-id=\"13201\" src=\"https:\/\/afrus.ru\/irkoutsk\/wp-content\/uploads\/sites\/32\/2026\/03\/IMG_9586-1024x768.jpg\" alt=\"\" class=\"wp-image-13201\" srcset=\"https:\/\/afrus.ru\/irkoutsk\/wp-content\/uploads\/sites\/32\/2026\/03\/IMG_9586-1024x768.jpg 1024w, https:\/\/afrus.ru\/irkoutsk\/wp-content\/uploads\/sites\/32\/2026\/03\/IMG_9586-300x225.jpg 300w, https:\/\/afrus.ru\/irkoutsk\/wp-content\/uploads\/sites\/32\/2026\/03\/IMG_9586-768x576.jpg 768w, https:\/\/afrus.ru\/irkoutsk\/wp-content\/uploads\/sites\/32\/2026\/03\/IMG_9586.jpg 1210w\" sizes=\"(max-width: 1024px) 100vw, 1024px\" \/><\/figure>\n\n\n\n<figure class=\"wp-block-image size-large\"><img loading=\"lazy\" decoding=\"async\" width=\"1024\" height=\"768\" data-id=\"13224\" src=\"https:\/\/afrus.ru\/irkoutsk\/wp-content\/uploads\/sites\/32\/2026\/03\/IMG-20250813-WA0001-01-1024x768.jpeg\" alt=\"\" class=\"wp-image-13224\" srcset=\"https:\/\/afrus.ru\/irkoutsk\/wp-content\/uploads\/sites\/32\/2026\/03\/IMG-20250813-WA0001-01-1024x768.jpeg 1024w, https:\/\/afrus.ru\/irkoutsk\/wp-content\/uploads\/sites\/32\/2026\/03\/IMG-20250813-WA0001-01-300x225.jpeg 300w, https:\/\/afrus.ru\/irkoutsk\/wp-content\/uploads\/sites\/32\/2026\/03\/IMG-20250813-WA0001-01-768x576.jpeg 768w, https:\/\/afrus.ru\/irkoutsk\/wp-content\/uploads\/sites\/32\/2026\/03\/IMG-20250813-WA0001-01.jpeg 1280w\" sizes=\"(max-width: 1024px) 100vw, 1024px\" \/><\/figure>\n\n\n\n<figure class=\"wp-block-image size-large\"><img loading=\"lazy\" decoding=\"async\" width=\"1024\" height=\"768\" data-id=\"13230\" src=\"https:\/\/afrus.ru\/irkoutsk\/wp-content\/uploads\/sites\/32\/2026\/03\/IMG-20250812-WA0001-1024x768.jpg\" alt=\"\" class=\"wp-image-13230\" srcset=\"https:\/\/afrus.ru\/irkoutsk\/wp-content\/uploads\/sites\/32\/2026\/03\/IMG-20250812-WA0001-1024x768.jpg 1024w, https:\/\/afrus.ru\/irkoutsk\/wp-content\/uploads\/sites\/32\/2026\/03\/IMG-20250812-WA0001-300x225.jpg 300w, https:\/\/afrus.ru\/irkoutsk\/wp-content\/uploads\/sites\/32\/2026\/03\/IMG-20250812-WA0001-768x576.jpg 768w, https:\/\/afrus.ru\/irkoutsk\/wp-content\/uploads\/sites\/32\/2026\/03\/IMG-20250812-WA0001.jpg 1280w\" sizes=\"(max-width: 1024px) 100vw, 1024px\" \/><\/figure>\n<\/figure>\n\n\n\n<p><\/p>\n","protected":false},"excerpt":{"rendered":"<p>\u0421\u043f\u0430\u0441\u0438\u0431\u043e \u0443\u0447\u0430\u0441\u0442\u043d\u0438\u043a\u0430\u043c \u043a\u0443\u043b\u044c\u0442\u0443\u0440\u043d\u043e-\u043b\u0438\u043d\u0433\u0432\u0438\u0441\u0442\u0438\u0447\u0435\u0441\u043a\u043e\u0439 \u0441\u0442\u0430\u0436\u0438\u0440\u043e\u0432\u043a\u0438 \u0432 \u0430\u0432\u0433\u0443\u0441\u0442\u0435-2025 : \u041b\u043e\u0440\u0430\u043d\u0443, \u0410\u043b\u0435\u043a\u0441\u0430\u043d\u0434\u0440\u0435, \u0414\u043c\u0438\u0442\u0440\u0438\u044e, \u0410\u043d\u0430\u0441\u0442\u0430\u0441\u0438\u0438, \u0415\u043b\u0435\u043d\u0435, \u0410\u043d\u0430\u0441\u0442\u0430\u0441\u0438\u0438, \u0410\u043d\u0433\u0435\u043b\u0438\u043d\u0435 \u0438 \u0422\u0438\u043c\u0443\u0440\u0443! S\u00e9jour d\u2019\u00e9t\u00e9 202, merci \u00e0 nos participants : Laurent, Aleksandra, Dmitrii, Anastasiia, Elena, Anastasiia, Angelina, Timur !<\/p>\n","protected":false},"author":5,"featured_media":13195,"parent":0,"menu_order":0,"comment_status":"closed","ping_status":"closed","template":"","meta":{"inline_featured_image":false,"footnotes":""},"class_list":["post-13192","page","type-page","status-publish","has-post-thumbnail","hentry"],"_links":{"self":[{"href":"https:\/\/afrus.ru\/irkoutsk\/wp-json\/wp\/v2\/pages\/13192"}],"collection":[{"href":"https:\/\/afrus.ru\/irkoutsk\/wp-json\/wp\/v2\/pages"}],"about":[{"href":"https:\/\/afrus.ru\/irkoutsk\/wp-json\/wp\/v2\/types\/page"}],"author":[{"embeddable":true,"href":"https:\/\/afrus.ru\/irkoutsk\/wp-json\/wp\/v2\/users\/5"}],"replies":[{"embeddable":true,"href":"https:\/\/afrus.ru\/irkoutsk\/wp-json\/wp\/v2\/comments?post=13192"}],"version-history":[{"count":4,"href":"https:\/\/afrus.ru\/irkoutsk\/wp-json\/wp\/v2\/pages\/13192\/revisions"}],"predecessor-version":[{"id":13256,"href":"https:\/\/afrus.ru\/irkoutsk\/wp-json\/wp\/v2\/pages\/13192\/revisions\/13256"}],"wp:featuredmedia":[{"embeddable":true,"href":"https:\/\/afrus.ru\/irkoutsk\/wp-json\/wp\/v2\/media\/13195"}],"wp:attachment":[{"href":"https:\/\/afrus.ru\/irkoutsk\/wp-json\/wp\/v2\/media?parent=13192"}],"curies":[{"name":"wp","href":"https:\/\/api.w.org\/{rel}","templated":true}]}}