{"id":2689,"date":"2020-03-03T10:51:53","date_gmt":"2020-03-03T07:51:53","guid":{"rendered":"http:\/\/afrus.ru\/nijni-novgorod\/tests-diplomes-en-langue-francaise\/"},"modified":"2026-04-17T10:42:08","modified_gmt":"2026-04-17T07:42:08","slug":"tests-diplomes-en-langue-francaise","status":"publish","type":"page","link":"https:\/\/afrus.ru\/nijni-novgorod\/fr\/tests-diplomes-en-langue-francaise\/","title":{"rendered":"Inscriptions aux examens et dates des sessions DELF\/DALF"},"content":{"rendered":"\n<p>\u00ab&nbsp;L&#8217;Alliance Fran\u00e7aise de Nijni Novgorod \u00bb est un centre unique agr\u00e9\u00e9 pour faire passer les examens du DELF \/ DALF et du TCF \u00e0 Nijni Novgorod et dans la r\u00e9gion de Nijni Novgorod.<\/p>\n\n\n\n<div style=\"height:40px\" aria-hidden=\"true\" class=\"wp-block-spacer\"><\/div>\n\n\n\n<h2 class=\"wp-block-heading has-text-align-left\"><strong>TARIFS*<\/strong><\/h2>\n\n\n\n<hr class=\"wp-block-separator has-css-opacity\" \/>\n\n\n\n<p class=\"has-text-align-left\">\u04101.1\/\u04101 \u2014 5000 \u20bd<\/p>\n\n\n\n<p class=\"has-text-align-left\">\u04102 \u2014 5500 \u20bd<\/p>\n\n\n\n<p class=\"has-text-align-left\">\u04121 \u2014 5700 \u20bd<\/p>\n\n\n\n<p class=\"has-text-align-left\">\u04122 \u2014 6500 \u20bd<\/p>\n\n\n\n<p class=\"has-text-align-left\">\u04211 \u2014 7500 \u20bd<\/p>\n\n\n\n<p class=\"has-text-align-left\">\u04212 \u2014 8500 \u20bd<\/p>\n\n\n\n<p class=\"has-text-align-left\">*-tarif de l&#8217;examen blanc : 50 % du prix de l&#8217;examen officiel.<\/p>\n\n\n\n<div class=\"wp-block-group\"><div class=\"wp-block-group__inner-container is-layout-flow wp-block-group-is-layout-flow\">\n<div style=\"height:96px\" aria-hidden=\"true\" class=\"wp-block-spacer\"><\/div>\n\n\n\n<h1 class=\"wp-block-heading has-text-align-left\">Inscriptions aux examens DELF-DALF<\/h1>\n\n\n\n<div style=\"height:41px\" aria-hidden=\"true\" class=\"wp-block-spacer\"><\/div>\n\n\n\n<h3 class=\"wp-block-heading has-text-align-left\"><strong>Inscriptions aux examens DELF-DALF<\/strong><\/h3>\n\n\n\n<hr class=\"wp-block-separator has-css-opacity\" \/>\n\n\n\n<div class=\"wp-block-group\"><div class=\"wp-block-group__inner-container is-layout-flow wp-block-group-is-layout-flow\">\n<div class=\"wp-block-group\"><div class=\"wp-block-group__inner-container is-layout-flow wp-block-group-is-layout-flow\">\n<p class=\"has-text-align-left\">1\/ Remplissez le formulaire d&#8217;inscription pendant la p\u00e9riode de l&#8217;inscription \u00e0 l&#8217;examen:<\/p>\n\n\n\n<div class=\"wp-block-columns is-layout-flex wp-container-core-columns-is-layout-1 wp-block-columns-is-layout-flex\">\n<div class=\"wp-block-column is-layout-flow wp-block-column-is-layout-flow\">\n<div class=\"wp-block-buttons is-layout-flex wp-block-buttons-is-layout-flex\">\n<div class=\"wp-block-button\"><a class=\"wp-block-button__link has-vivid-red-background-color has-background has-text-align-center wp-element-button\" href=\"https:\/\/forms.yandex.ru\/cloud\/69e09b929029023702beef9c\/\" style=\"border-radius:0px\" target=\"_blank\" rel=\"noreferrer noopener\">DELF-DALF TP<\/a><\/div>\n<\/div>\n<\/div>\n\n\n\n<div class=\"wp-block-column is-layout-flow wp-block-column-is-layout-flow\">\n<div class=\"wp-block-buttons is-layout-flex wp-block-buttons-is-layout-flex\">\n<div class=\"wp-block-button\"><a class=\"wp-block-button__link has-vivid-red-background-color has-background has-text-align-center wp-element-button\" href=\"https:\/\/forms.yandex.ru\/cloud\/69e0b70f02848f5e10cf408d\/\" style=\"border-radius:0px\" target=\"_blank\" rel=\"noreferrer noopener\">DELF Junior <\/a><\/div>\n<\/div>\n<\/div>\n<\/div>\n\n\n\n<p class=\"has-text-align-left\">2\/ Vous recevrez, sous 2 jours ouvrables, le contrat et le formulaire de consentement au traitement des donn\u00e9es personnelles. Ces documents doivent \u00eatre compl\u00e9t\u00e9s et renvoy\u00e9s \u00e0 l&#8217;adresse e-mail nijni.novgorod@afrus.ru avec l&#8217;objet\u00a0 \u00ab Examen DELF\/DALF \u00bb ;<\/p>\n\n\n\n<div class=\"wp-block-group\"><div class=\"wp-block-group__inner-container is-layout-flow wp-block-group-is-layout-flow\">\n<p class=\"has-text-align-left\">3\/ Effectuez le paiement avant la cl\u00f4ture des inscriptions.<\/p>\n\n\n\n<div style=\"height:40px\" aria-hidden=\"true\" class=\"wp-block-spacer\"><\/div>\n\n\n\n<h4 class=\"wp-block-heading has-text-align-left has-vivid-red-color has-text-color has-link-color wp-elements-2ba0cfe08fcd0f312d6b10b4b12baafc\"><strong>Modes de paiement accept\u00e9s:<\/strong><\/h4>\n\n\n\n<p class=\"has-text-align-left\"><strong>1\/ En ligne:<\/strong> par QR code ou par virement bancaire selon les coordonn\u00e9es indiqu\u00e9es dans le contrat. <br><strong>2\/ Sur place :<\/strong> \u00e0 l&#8217;Alliance Fran\u00e7aise (rue Ocharska\u00efa, 18\/1, 3\u00e8me \u00e9tage \u2014 \u00e9quivalent du 2\u00e8me \u00e9tage en France) par carte bancaire ou en esp\u00e8ces<\/p>\n\n\n\n<div style=\"height:43px\" aria-hidden=\"true\" class=\"wp-block-spacer\"><\/div>\n\n\n\n<ul class=\"wp-block-list\">\n<li><\/li>\n<\/ul>\n\n\n\n<hr class=\"wp-block-separator has-alpha-channel-opacity\" \/>\n\n\n\n<p><strong>Attention ! En cas de non-paiement \u00e0 la date de cl\u00f4ture des inscriptions, l&#8217;Alliance Fran\u00e7aise se r\u00e9serve le droit d&#8217;annuler l&#8217;inscription.<\/strong><\/p>\n\n\n\n<div style=\"height:29px\" aria-hidden=\"true\" class=\"wp-block-spacer\"><\/div>\n\n\n\n<p class=\"has-text-align-center\">Pour plus d&#8217;informations, contactez-nous par t\u00e9l <strong>+7 831<\/strong> <strong>437 81 35<\/strong><\/p>\n<\/div><\/div>\n<\/div><\/div>\n<\/div><\/div>\n\n\n\n<blockquote class=\"wp-block-quote is-layout-flow wp-block-quote-is-layout-flow\">\n<p><strong>Attention<\/strong> ! Pour les inscriptions aux examens DELF Prim, contactez-nous par t\u00e9l <strong>+7 831 437 81 35<\/strong> ou <strong>+7 (987) 54-04-126.<\/strong><\/p>\n<\/blockquote>\n<\/div><\/div>\n\n\n\n<hr class=\"wp-block-separator has-css-opacity\" \/>\n\n\n\n<div class=\"wp-block-group\"><div class=\"wp-block-group__inner-container is-layout-flow wp-block-group-is-layout-flow\">\n<div style=\"height:101px\" aria-hidden=\"true\" class=\"wp-block-spacer\"><\/div>\n\n\n\n<figure class=\"wp-block-image size-large\"><img loading=\"lazy\" decoding=\"async\" width=\"962\" height=\"300\" src=\"http:\/\/afrus.ru\/nijni-novgorod\/wp-content\/uploads\/sites\/40\/2020\/12\/examens.jpg\" alt=\"\" class=\"wp-image-3867\" srcset=\"https:\/\/afrus.ru\/nijni-novgorod\/wp-content\/uploads\/sites\/40\/2020\/12\/examens.jpg 962w, https:\/\/afrus.ru\/nijni-novgorod\/wp-content\/uploads\/sites\/40\/2020\/12\/examens-300x94.jpg 300w, https:\/\/afrus.ru\/nijni-novgorod\/wp-content\/uploads\/sites\/40\/2020\/12\/examens-768x240.jpg 768w\" sizes=\"(max-width: 962px) 100vw, 962px\" \/><\/figure>\n<\/div><\/div>\n\n\n\n<h1 class=\"wp-block-heading has-vivid-red-color has-text-color\">Calendrier des sessions d&#8217;examen DELF-DALF 2025-2026<\/h1>\n\n\n\n<div style=\"height:60px\" aria-hidden=\"true\" class=\"wp-block-spacer\"><\/div>\n\n\n<div class=\"wp-block-image\">\n<figure class=\"alignleft size-large is-resized\"><img loading=\"lazy\" decoding=\"async\" width=\"1024\" height=\"238\" src=\"http:\/\/afrus.ru\/nijni-novgorod\/wp-content\/uploads\/sites\/40\/2025\/01\/IMG_7079-1024x238.jpg\" alt=\"\" class=\"wp-image-15719\" style=\"width:310px\" srcset=\"https:\/\/afrus.ru\/nijni-novgorod\/wp-content\/uploads\/sites\/40\/2025\/01\/IMG_7079-1024x238.jpg 1024w, https:\/\/afrus.ru\/nijni-novgorod\/wp-content\/uploads\/sites\/40\/2025\/01\/IMG_7079-300x70.jpg 300w, https:\/\/afrus.ru\/nijni-novgorod\/wp-content\/uploads\/sites\/40\/2025\/01\/IMG_7079-768x178.jpg 768w, https:\/\/afrus.ru\/nijni-novgorod\/wp-content\/uploads\/sites\/40\/2025\/01\/IMG_7079-1536x357.jpg 1536w, https:\/\/afrus.ru\/nijni-novgorod\/wp-content\/uploads\/sites\/40\/2025\/01\/IMG_7079.jpg 1700w\" sizes=\"(max-width: 1024px) 100vw, 1024px\" \/><\/figure><\/div>\n\n\n<div style=\"height:17px\" aria-hidden=\"true\" class=\"wp-block-spacer\"><\/div>\n\n\n\n<h2 class=\"wp-block-heading has-text-align-left\">DELF PRIM (8 \u2014 11 ans)<\/h2>\n\n\n\n<hr class=\"wp-block-separator has-css-opacity\" \/>\n\n\n\n<div class=\"wp-block-group\"><div class=\"wp-block-group__inner-container is-layout-flow wp-block-group-is-layout-flow\">\n<h4 class=\"wp-block-heading has-text-align-left has-vivid-red-color has-text-color\">Session AVRIL 2026<\/h4>\n\n\n\n<p class=\"has-text-align-left\"><em>Inscriptions jusqu&#8217;au 31.01.2025<\/em><\/p>\n\n\n\n<p class=\"has-text-align-left\"><strong>DELF Prim A1.1<\/strong>&nbsp;        Samedi 18 avril<\/p>\n\n\n\n<p class=\"has-text-align-left\"><strong>DELF&nbsp;Prim A1&nbsp;<\/strong>          Samedi 18 avril<\/p>\n\n\n\n<p class=\"has-text-align-left\"><strong>DELF&nbsp;Prim A2&nbsp;<\/strong>         Samedi 18 avril<\/p>\n<\/div><\/div>\n\n\n\n<div style=\"height:100px\" aria-hidden=\"true\" class=\"wp-block-spacer\"><\/div>\n\n\n<div class=\"wp-block-image\">\n<figure class=\"alignleft size-large is-resized\"><img loading=\"lazy\" decoding=\"async\" width=\"1024\" height=\"238\" src=\"http:\/\/afrus.ru\/nijni-novgorod\/wp-content\/uploads\/sites\/40\/2025\/01\/IMG_7080-1024x238.jpg\" alt=\"\" class=\"wp-image-15722\" style=\"width:310px\" srcset=\"https:\/\/afrus.ru\/nijni-novgorod\/wp-content\/uploads\/sites\/40\/2025\/01\/IMG_7080-1024x238.jpg 1024w, https:\/\/afrus.ru\/nijni-novgorod\/wp-content\/uploads\/sites\/40\/2025\/01\/IMG_7080-300x70.jpg 300w, https:\/\/afrus.ru\/nijni-novgorod\/wp-content\/uploads\/sites\/40\/2025\/01\/IMG_7080-768x179.jpg 768w, https:\/\/afrus.ru\/nijni-novgorod\/wp-content\/uploads\/sites\/40\/2025\/01\/IMG_7080-1536x358.jpg 1536w, https:\/\/afrus.ru\/nijni-novgorod\/wp-content\/uploads\/sites\/40\/2025\/01\/IMG_7080.jpg 1696w\" sizes=\"(max-width: 1024px) 100vw, 1024px\" \/><\/figure><\/div>\n\n\n<div style=\"height:16px\" aria-hidden=\"true\" class=\"wp-block-spacer\"><\/div>\n\n\n\n<h2 class=\"wp-block-heading has-text-align-left\">DELF JUNIOR (12 \u2014 17\/18 ans)<\/h2>\n\n\n\n<hr class=\"wp-block-separator has-css-opacity\" \/>\n\n\n\n<div style=\"height:13px\" aria-hidden=\"true\" class=\"wp-block-spacer\"><\/div>\n\n\n\n<h4 class=\"wp-block-heading has-text-align-left\">Session NOVEMBRE 2025<\/h4>\n\n\n\n<p class=\"has-text-align-left\"><em>Inscriptions du 02.09 au 24.10<\/em><\/p>\n\n\n\n<p class=\"has-text-align-left\"><strong>DELF Junior A1<\/strong>&nbsp;&nbsp;&nbsp;&nbsp;&nbsp;&nbsp;&nbsp;&nbsp;&nbsp; Samedi 8 novembre<\/p>\n\n\n\n<p class=\"has-text-align-left\"><strong>DELF Junior A2&nbsp;<\/strong>&nbsp;&nbsp;&nbsp;&nbsp;&nbsp;&nbsp;&nbsp;&nbsp; Samedi 8 novembre<\/p>\n\n\n\n<p class=\"has-text-align-left\"><strong>DELF Junior B1&nbsp;<\/strong>&nbsp;&nbsp;&nbsp;&nbsp;&nbsp;&nbsp;&nbsp;&nbsp; Samedi 8 novembre<\/p>\n\n\n\n<p class=\"has-text-align-left\"><strong>DELF Junior B2&nbsp;<\/strong> &nbsp; &nbsp; &nbsp; &nbsp; Samedi 8 novembre<\/p>\n\n\n\n<hr class=\"wp-block-separator has-css-opacity\" \/>\n\n\n\n<div style=\"height:100px\" aria-hidden=\"true\" class=\"wp-block-spacer\"><\/div>\n\n\n\n<h4 class=\"wp-block-heading has-text-align-left\">Session MARS 2026<\/h4>\n\n\n\n<p class=\"has-text-align-left\"><em>Inscriptions du 12.01 au 06.03<\/em><\/p>\n\n\n\n<p class=\"has-text-align-left\"><strong>DELF Junior A1&nbsp;&nbsp;<\/strong>&nbsp;&nbsp;&nbsp;&nbsp;&nbsp;&nbsp;&nbsp; Samedi 21 mars<\/p>\n\n\n\n<p class=\"has-text-align-left\"><strong>DELF Junior A2<\/strong>&nbsp; &nbsp; &nbsp; &nbsp; &nbsp; Samedi 21 mars<\/p>\n\n\n\n<p class=\"has-text-align-left\"><strong>DELF Junior B1&nbsp;&nbsp;&nbsp;<\/strong>&nbsp;&nbsp;&nbsp;&nbsp;&nbsp;&nbsp; Samedi 28 mars<\/p>\n\n\n\n<p class=\"has-text-align-left\"><strong>DELF Junior B2&nbsp;<\/strong> &nbsp; &nbsp; &nbsp; &nbsp; Samedi 28 mars<\/p>\n\n\n\n<hr class=\"wp-block-separator has-css-opacity\" \/>\n\n\n\n<div style=\"height:100px\" aria-hidden=\"true\" class=\"wp-block-spacer\"><\/div>\n\n\n\n<h4 class=\"wp-block-heading has-text-align-left\">Session \u041c\u0410I 2026<\/h4>\n\n\n\n<p class=\"has-text-align-left\"><em>Inscriptions du 10.03 au 24.04<\/em><\/p>\n\n\n\n<p class=\"has-text-align-left\"><strong>DELF Junior A1<\/strong>&nbsp;&nbsp;&nbsp;&nbsp;&nbsp;&nbsp;&nbsp;&nbsp;&nbsp; Samedi 16 mai<\/p>\n\n\n\n<p class=\"has-text-align-left\"><strong>DELF Junior A12&nbsp;<\/strong> &nbsp; &nbsp; &nbsp; &nbsp;Samedi 16 mai<\/p>\n\n\n\n<p class=\"has-text-align-left\"><strong>DELF Junior B1&nbsp;&nbsp;&nbsp;<\/strong>&nbsp;&nbsp;&nbsp;&nbsp;&nbsp;&nbsp; Samedi 16 mai<\/p>\n\n\n\n<p class=\"has-text-align-left\"><strong>DELF Junior B2&nbsp;<\/strong> &nbsp; &nbsp; &nbsp; &nbsp; Samedi 16 mai<\/p>\n\n\n\n<hr class=\"wp-block-separator has-css-opacity\" \/>\n\n\n\n<div style=\"height:92px\" aria-hidden=\"true\" class=\"wp-block-spacer\"><\/div>\n\n\n\n<h4 class=\"wp-block-heading has-text-align-left\">Session NOVEMBRE 2026<\/h4>\n\n\n\n<p class=\"has-text-align-left\"><em>Inscriptions du 07.09 au 23.10<\/em><\/p>\n\n\n\n<p class=\"has-text-align-left\"><strong>DELF Junior A1&nbsp;<\/strong>&nbsp;&nbsp;&nbsp;&nbsp;&nbsp;&nbsp;&nbsp;&nbsp; Samedi 7 novembre<\/p>\n\n\n\n<p class=\"has-text-align-left\"><strong>DELF Junior A2&nbsp;<\/strong> &nbsp; &nbsp; &nbsp; &nbsp; Samedi 7 novembre<\/p>\n\n\n\n<p class=\"has-text-align-left\"><strong>DELF Junior B1&nbsp;<\/strong>&nbsp;&nbsp;&nbsp;&nbsp;&nbsp;&nbsp;&nbsp;&nbsp; Samedi 14 novembre<\/p>\n\n\n\n<p class=\"has-text-align-left\"><strong>DELF Junior B2&nbsp;<\/strong> &nbsp; &nbsp; &nbsp; &nbsp; Samedi 14 novembre<\/p>\n\n\n\n<hr class=\"wp-block-separator has-css-opacity\" \/>\n\n\n\n<div style=\"height:124px\" aria-hidden=\"true\" class=\"wp-block-spacer\"><\/div>\n\n\n<div class=\"wp-block-image is-resized\">\n<figure class=\"alignleft size-large\"><img loading=\"lazy\" decoding=\"async\" width=\"1024\" height=\"256\" src=\"http:\/\/afrus.ru\/nijni-novgorod\/wp-content\/uploads\/sites\/40\/2025\/01\/IMG_7069-1024x256.jpg\" alt=\"\" class=\"wp-image-15712\" style=\"width:332px;height:auto\" srcset=\"https:\/\/afrus.ru\/nijni-novgorod\/wp-content\/uploads\/sites\/40\/2025\/01\/IMG_7069-1024x256.jpg 1024w, https:\/\/afrus.ru\/nijni-novgorod\/wp-content\/uploads\/sites\/40\/2025\/01\/IMG_7069-300x75.jpg 300w, https:\/\/afrus.ru\/nijni-novgorod\/wp-content\/uploads\/sites\/40\/2025\/01\/IMG_7069-768x192.jpg 768w, https:\/\/afrus.ru\/nijni-novgorod\/wp-content\/uploads\/sites\/40\/2025\/01\/IMG_7069-1536x384.jpg 1536w, https:\/\/afrus.ru\/nijni-novgorod\/wp-content\/uploads\/sites\/40\/2025\/01\/IMG_7069.jpg 1578w\" sizes=\"(max-width: 1024px) 100vw, 1024px\" \/><\/figure><\/div>\n\n\n<div style=\"height:18px\" aria-hidden=\"true\" class=\"wp-block-spacer\"><\/div>\n\n\n\n<h2 class=\"wp-block-heading has-text-align-left\">DELF-DALF TOUT PUBLIC (\u00e0 partir de 18 ans)<\/h2>\n\n\n\n<hr class=\"wp-block-separator has-css-opacity\" \/>\n\n\n\n<div style=\"height:14px\" aria-hidden=\"true\" class=\"wp-block-spacer\"><\/div>\n\n\n\n<h4 class=\"wp-block-heading has-text-align-left\">Session NOVEMBRE 2025<\/h4>\n\n\n\n<p class=\"has-text-align-left\"><em>Inscriptions du 15.09 au 07.11<\/em><\/p>\n\n\n\n<p class=\"has-text-align-left\"><strong>DELF A1<\/strong>&nbsp;&nbsp;&nbsp;&nbsp;&nbsp;&nbsp;&nbsp;&nbsp; Samedi 22 novembre<\/p>\n\n\n\n<p class=\"has-text-align-left\"><strong>DELF A2<\/strong>&nbsp; &nbsp; &nbsp; &nbsp; &nbsp;Samedi 29 novembre<\/p>\n\n\n\n<p class=\"has-text-align-left\"><strong>DELF B1<\/strong>&nbsp;&nbsp;&nbsp;&nbsp;&nbsp;&nbsp;&nbsp;&nbsp; Samedi 22 novembre<\/p>\n\n\n\n<p class=\"has-text-align-left\"><strong>DELF B2<\/strong>&nbsp; &nbsp; &nbsp; &nbsp; &nbsp;Samedi 29 novembre<\/p>\n\n\n\n<p class=\"has-text-align-left\"><strong>DALF C1&nbsp;&nbsp;&nbsp;<\/strong>&nbsp;&nbsp;&nbsp;&nbsp;&nbsp; Samedi 22 novembre<\/p>\n\n\n\n<p class=\"has-text-align-left\"><strong>DALF C2&nbsp;<\/strong> &nbsp; &nbsp; &nbsp; &nbsp;Samedi 29 novembre<\/p>\n\n\n\n<div style=\"height:52px\" aria-hidden=\"true\" class=\"wp-block-spacer\"><\/div>\n\n\n\n<h4 class=\"wp-block-heading has-text-align-left\">Session MARS 2026<\/h4>\n\n\n\n<p class=\"has-text-align-left\"><em>Inscriptions du 12.01 au 20.02<\/em><\/p>\n\n\n\n<p class=\"has-text-align-left\"><strong>DELF A1&nbsp;<\/strong>&nbsp;&nbsp;&nbsp;&nbsp;&nbsp;&nbsp;&nbsp; Samedi 7 mars<\/p>\n\n\n\n<p class=\"has-text-align-left\"><strong>DELF A2&nbsp;<\/strong> &nbsp;&nbsp;&nbsp;&nbsp;&nbsp;&nbsp; Samedi 14 mars<\/p>\n\n\n\n<p class=\"has-text-align-left\"><strong>DELF B1&nbsp;<\/strong>&nbsp;&nbsp;&nbsp;&nbsp;&nbsp;&nbsp;&nbsp; Samedi 7 mars<\/p>\n\n\n\n<p class=\"has-text-align-left\"><strong>DELF B2<\/strong>&nbsp; &nbsp; &nbsp; &nbsp; &nbsp;Samedi 14 mars<\/p>\n\n\n\n<p class=\"has-text-align-left\"><strong>DELF C1&nbsp;&nbsp;&nbsp;<\/strong>&nbsp;&nbsp;&nbsp;&nbsp;&nbsp; Samedi 7 mars<\/p>\n\n\n\n<p class=\"has-text-align-left\">DELF C2&nbsp; &nbsp; &nbsp; &nbsp; &nbsp;Samedi 14 mars<\/p>\n\n\n\n<hr class=\"wp-block-separator has-css-opacity\" \/>\n\n\n\n<div style=\"height:100px\" aria-hidden=\"true\" class=\"wp-block-spacer\"><\/div>\n\n\n\n<h4 class=\"wp-block-heading has-text-align-left\">Session MAI 2026<\/h4>\n\n\n\n<p class=\"has-text-align-left\"><em>Inscriptions du 16.03 au 30.04<\/em><\/p>\n\n\n\n<p class=\"has-text-align-left\"><strong>DELF A1&nbsp;<\/strong>&nbsp;&nbsp;&nbsp;&nbsp;&nbsp;&nbsp;&nbsp; Samedi 23 mai<\/p>\n\n\n\n<p class=\"has-text-align-left\"><strong>DELF A2<\/strong>&nbsp; &nbsp; &nbsp; &nbsp; &nbsp;Samedi 30 mai<\/p>\n\n\n\n<p class=\"has-text-align-left\"><strong>DELF B1&nbsp;<\/strong>&nbsp;&nbsp;&nbsp;&nbsp;&nbsp;&nbsp;&nbsp; Samedi 23 mai<\/p>\n\n\n\n<p class=\"has-text-align-left\"><strong>DELF B2&nbsp; &nbsp;<\/strong> &nbsp; &nbsp; &nbsp;Samedi 30 mai<\/p>\n\n\n\n<p class=\"has-text-align-left\"><strong>DALF C1&nbsp;<\/strong>&nbsp;&nbsp;&nbsp;&nbsp;&nbsp;&nbsp;&nbsp; Samedi 23 mai<\/p>\n\n\n\n<p class=\"has-text-align-left\"><strong>DALF C2&nbsp; &nbsp;<\/strong> &nbsp; &nbsp; &nbsp;Samedi 30 mai<\/p>\n\n\n\n<hr class=\"wp-block-separator has-css-opacity\" \/>\n\n\n\n<div style=\"height:100px\" aria-hidden=\"true\" class=\"wp-block-spacer\"><\/div>\n\n\n\n<h4 class=\"wp-block-heading has-text-align-left\">Session NOVEMBRE 2026<\/h4>\n\n\n\n<p class=\"has-text-align-left\"><em>Inscriptions du 21.09 au 06.11<\/em><\/p>\n\n\n\n<p class=\"has-text-align-left\"><strong>DELF A1<\/strong>&nbsp;&nbsp;&nbsp;&nbsp;&nbsp;&nbsp;&nbsp;&nbsp; Samedi 21 novembre<\/p>\n\n\n\n<p class=\"has-text-align-left\"><strong>DELF A2&nbsp;<\/strong>&nbsp; &nbsp; Samedi&nbsp; 28 novembre<\/p>\n\n\n\n<p class=\"has-text-align-left\"><strong>DELF B1&nbsp;&nbsp;&nbsp;<\/strong>&nbsp; Samedi&nbsp; 21 novembre<\/p>\n\n\n\n<p class=\"has-text-align-left\"><strong>DELF B2<\/strong>&nbsp; &nbsp; &nbsp; Samedi&nbsp; 28 novembre<\/p>\n\n\n\n<p class=\"has-text-align-left\"><strong>DALF C1<\/strong>&nbsp; &nbsp; &nbsp; Samedi&nbsp; 21 novembre<\/p>\n\n\n\n<p class=\"has-text-align-left\"><strong>DALF C2<\/strong>&nbsp; &nbsp; &nbsp; Samedi&nbsp; 28 novembre<\/p>\n\n\n\n<div style=\"height:108px\" aria-hidden=\"true\" class=\"wp-block-spacer\"><\/div>\n\n\n\n<h1 class=\"wp-block-heading has-vivid-red-color has-text-color has-link-color wp-elements-79bfc975b87f9a3b9aac675f1ac5856e\">Avant l\u2019examen<\/h1>\n\n\n\n<div style=\"height:33px\" aria-hidden=\"true\" class=\"wp-block-spacer\"><\/div>\n\n\n\n<p><em><strong>Comment augmenter vos chances de r\u00e9ussite :<\/strong><\/em><\/p>\n\n\n\n<h4 class=\"wp-block-heading has-medium-font-size\"><strong><a href=\"https:\/\/afrus.ru\/nijni-novgorod\/news\/konsultacija-po-jekzamenu-delf-dalf\/\" target=\"_blank\" rel=\"noreferrer noopener\" aria-label=\"\u041a\u043e\u043d\u0441\u0443\u043b\u044c\u0442\u0430\u0446\u0438\u0438 \u043f\u0435\u0440\u0435\u0434 \u044d\u043a\u0437\u0430\u043c\u0435\u043d\u043e\u043c DELF\/ DALF (\u043e\u0442\u043a\u0440\u043e\u0435\u0442\u0441\u044f \u0432 \u043d\u043e\u0432\u043e\u0439 \u0432\u043a\u043b\u0430\u0434\u043a\u0435)\">Conseils personnalis\u00e9s avant les examens internationaux DELF \/ DALF<\/a><\/strong>&nbsp;<a href=\"https:\/\/afrus.ru\/nijni-novgorod\/news\/konsultacija-po-jekzamenu-delf-dalf\/\">-&gt;<\/a><\/h4>\n\n\n\n<div style=\"height:27px\" aria-hidden=\"true\" class=\"wp-block-spacer\"><\/div>\n\n\n\n<h4 class=\"wp-block-heading has-medium-font-size\"><strong><a href=\"http:\/\/afrus.ru\/nijni-novgorod\/offre\/podgotovka-k-jekzamenam\/\">Cours de pr\u00e9paration aux examens DELF \/ DALF<\/a><\/strong>&nbsp;&nbsp;(tous niveaux) <a href=\"http:\/\/afrus.ru\/nijni-novgorod\/offre\/podgotovka-k-jekzamenam\/\">-&gt;<\/a><\/h4>\n\n\n\n<div style=\"height:27px\" aria-hidden=\"true\" class=\"wp-block-spacer\"><\/div>\n\n\n\n<h4 class=\"wp-block-heading has-medium-font-size\"><strong><a href=\"\/nijni-novgorod?page_id=2218\">Sessions d&#8217;examens blancs<\/a><\/strong> <a href=\"\/nijni-novgorod?page_id=2218\">-&gt;<\/a><\/h4>\n\n\n\n<div style=\"height:27px\" aria-hidden=\"true\" class=\"wp-block-spacer\"><\/div>\n\n\n\n<p><\/p>\n","protected":false},"excerpt":{"rendered":"<p>\u00ab&nbsp;L&#8217;Alliance Fran\u00e7aise de Nijni Novgorod \u00bb est un centre unique agr\u00e9\u00e9 pour faire passer les examens du DELF \/ DALF et du TCF \u00e0 Nijni Novgorod et dans la r\u00e9gion de Nijni Novgorod. TARIFS* \u04101.1\/\u04101 \u2014 5000 \u20bd \u04102 \u2014 5500 \u20bd \u04121 \u2014 5700 \u20bd \u04122 \u2014 6500 \u20bd \u04211 \u2014 7500 \u20bd \u04212 [&hellip;]<\/p>\n","protected":false},"author":1,"featured_media":2829,"parent":0,"menu_order":0,"comment_status":"closed","ping_status":"closed","template":"","meta":{"inline_featured_image":false,"footnotes":""},"class_list":["post-2689","page","type-page","status-publish","has-post-thumbnail","hentry"],"_links":{"self":[{"href":"https:\/\/afrus.ru\/nijni-novgorod\/wp-json\/wp\/v2\/pages\/2689"}],"collection":[{"href":"https:\/\/afrus.ru\/nijni-novgorod\/wp-json\/wp\/v2\/pages"}],"about":[{"href":"https:\/\/afrus.ru\/nijni-novgorod\/wp-json\/wp\/v2\/types\/page"}],"author":[{"embeddable":true,"href":"https:\/\/afrus.ru\/nijni-novgorod\/wp-json\/wp\/v2\/users\/1"}],"replies":[{"embeddable":true,"href":"https:\/\/afrus.ru\/nijni-novgorod\/wp-json\/wp\/v2\/comments?post=2689"}],"version-history":[{"count":19,"href":"https:\/\/afrus.ru\/nijni-novgorod\/wp-json\/wp\/v2\/pages\/2689\/revisions"}],"predecessor-version":[{"id":17154,"href":"https:\/\/afrus.ru\/nijni-novgorod\/wp-json\/wp\/v2\/pages\/2689\/revisions\/17154"}],"wp:featuredmedia":[{"embeddable":true,"href":"https:\/\/afrus.ru\/nijni-novgorod\/wp-json\/wp\/v2\/media\/2829"}],"wp:attachment":[{"href":"https:\/\/afrus.ru\/nijni-novgorod\/wp-json\/wp\/v2\/media?parent=2689"}],"curies":[{"name":"wp","href":"https:\/\/api.w.org\/{rel}","templated":true}]}}