{"id":628,"date":"2009-10-01T00:00:00","date_gmt":"2009-09-30T21:00:00","guid":{"rendered":"http:\/\/afrus.ru\/novossibirsk\/tolyattinskii-institut-iskusstv\/"},"modified":"2020-06-02T12:09:50","modified_gmt":"2020-06-02T09:09:50","slug":"tolyattinskii-institut-iskusstv","status":"publish","type":"page","link":"https:\/\/afrus.ru\/novossibirsk\/fr\/tolyattinskii-institut-iskusstv\/","title":{"rendered":"Tests &#038; dipl\u00f4mes en langue fran\u00e7aise"},"content":{"rendered":"<p>L&#39;Alliance fran\u00e7aise vous permet de vous pr\u00e9parer et de vous pr\u00e9senter aux certifications de fran\u00e7ais qui sont reconnues dans le monde entier :<\/p>\n<ul>\n<li>le DELF et le DALF<\/li>\n<li>le TCF<\/li>\n<li>le TEF, requis pour l&#39;immigration au Canada<\/li>\n<li>les dipl\u00f4mes de la Chambre de Commerce et d&#39;Industrie de Paris<\/li>\n<\/ul>\n<h3><img loading=\"lazy\" decoding=\"async\" alt=\"\" height=\"110\" src=\"\/novossibirsk\/sites\/afrus.ru.novossibirsk\/files\/fichiers\/images\/2010\/DELFDALF.jpg\" width=\"110\" \/><img loading=\"lazy\" decoding=\"async\" alt=\"\" height=\"100\" src=\"\/novossibirsk\/sites\/afrus.ru.novossibirsk\/files\/fichiers\/images\/2010\/delf-prim-logo.png\" width=\"100\" \/><img loading=\"lazy\" decoding=\"async\" alt=\"\" height=\"90\" src=\"\/novossibirsk\/sites\/afrus.ru.novossibirsk\/files\/fichiers\/images\/2010\/TCF.jpg\" width=\"90\" \/><img loading=\"lazy\" decoding=\"async\" alt=\"\" height=\"79\" src=\"\/novossibirsk\/sites\/afrus.ru.novossibirsk\/files\/fichiers\/images\/2010\/TEF.jpg\" width=\"90\" \/><br \/>&nbsp;<\/h3>\n<p>Pour plus de renseignements contactez-nous au t\u00e9l.: 2-200-007&nbsp;<\/p>\n<h4><strong>Nos dipl\u00f4mes<\/strong><\/h4>\n<p><a href=\"http:\/\/www.ciep.fr\/delfdalf\/presentation.php\">Des dipl\u00f4mes n\u00e9cessaires pour attester d&#39;un niveau de fran\u00e7ais<\/a><br \/>Pour aller \u00e9tudier en France, un dipl\u00f4me russe n&#39;est pas reconnu comme attestant d&#39;un niveau de fran\u00e7ais.&nbsp;<br \/>La reconnaissance des acquis en fran\u00e7ais dans les \u00e9tablissements en France ne pourra \u00eatre faite que sur pr\u00e9sentation d&#39;un dipl\u00f4me de niveau de langue valid\u00e9 par le minist\u00e8re fran\u00e7ais de l&#39;Education nationale. Ces dipl\u00f4mes sont au nombre de quatre, chaque universit\u00e9 vous indiquera celui qui est exig\u00e9 pour y entrer.<\/p>\n<p><a href=\"http:\/\/www.ciep.fr\/delfdalf\/details.php\">DELF, DALF&#8230; qu&#39;est-ce que c&#39;est ?<\/a><br \/><strong>DELF<\/strong> (Dipl\u00f4me \u00e9l\u00e9mentaire de langue fran\u00e7aise)<br \/>Dipl\u00f4me accessible aux \u00e9tudiants et \u00e0 pr\u00e9sent \u00e9galement aux scolaires, sous sa forme Junior, il valide un niveau \u00e9l\u00e9mentaire de fran\u00e7ais.<br \/><strong>D\u0410LF <\/strong>(Dipl\u00f4me approfondi de langue fran\u00e7aise)<br \/><strong>TCF<\/strong> (Test de Connaissance du Fran\u00e7ais)<br \/><strong>TEF<\/strong> (Test d&rsquo;Evaluation de Fran\u00e7ais)<\/p>\n<h4>&nbsp;<\/h4>\n<p>&nbsp;<\/p>\n","protected":false},"excerpt":{"rendered":"<p>L&#39;Alliance fran\u00e7aise vous permet de vous pr\u00e9parer et de vous pr\u00e9senter aux certifications de fran\u00e7ais qui sont reconnues dans le monde entier : le DELF et le DALF le TCF le TEF, requis pour l&#39;immigration au Canada les dipl\u00f4mes de la Chambre de Commerce et d&#39;Industrie de Paris &nbsp; Pour plus de renseignements contactez-nous au [&hellip;]<\/p>\n","protected":false},"author":1,"featured_media":0,"parent":0,"menu_order":0,"comment_status":"closed","ping_status":"closed","template":"","meta":{"inline_featured_image":false,"footnotes":""},"class_list":["post-628","page","type-page","status-publish","hentry"],"_links":{"self":[{"href":"https:\/\/afrus.ru\/novossibirsk\/wp-json\/wp\/v2\/pages\/628"}],"collection":[{"href":"https:\/\/afrus.ru\/novossibirsk\/wp-json\/wp\/v2\/pages"}],"about":[{"href":"https:\/\/afrus.ru\/novossibirsk\/wp-json\/wp\/v2\/types\/page"}],"author":[{"embeddable":true,"href":"https:\/\/afrus.ru\/novossibirsk\/wp-json\/wp\/v2\/users\/1"}],"replies":[{"embeddable":true,"href":"https:\/\/afrus.ru\/novossibirsk\/wp-json\/wp\/v2\/comments?post=628"}],"version-history":[{"count":1,"href":"https:\/\/afrus.ru\/novossibirsk\/wp-json\/wp\/v2\/pages\/628\/revisions"}],"predecessor-version":[{"id":953,"href":"https:\/\/afrus.ru\/novossibirsk\/wp-json\/wp\/v2\/pages\/628\/revisions\/953"}],"wp:attachment":[{"href":"https:\/\/afrus.ru\/novossibirsk\/wp-json\/wp\/v2\/media?parent=628"}],"curies":[{"name":"wp","href":"https:\/\/api.w.org\/{rel}","templated":true}]}}