{"id":464,"date":"2018-10-10T00:00:00","date_gmt":"2018-10-09T21:00:00","guid":{"rendered":"http:\/\/afrus.ru\/rostov\/recrutement\/"},"modified":"2020-06-26T14:52:45","modified_gmt":"2020-06-26T11:52:45","slug":"recrutement","status":"publish","type":"page","link":"https:\/\/afrus.ru\/rostov\/glavnaja\/content-sitepages-1020\/recrutement\/","title":{"rendered":"\u0420\u0430\u0431\u043e\u0442\u0430 \u0432 \u0420\u0420\u041a\u041f\u041e\u041e  &#171;\u0410\u043b\u044c\u044f\u043d\u0441 \u0424\u0440\u0430\u043d\u0441\u0435\u0437 &#8212; \u0420\u043e\u0441\u0442\u043e\u0432\u0441\u043a\u0430\u044f \u043e\u0431\u043b\u0430\u0441\u0442\u044c&#187;"},"content":{"rendered":"<p>Rejoignez la famille de l&#8217;Alliance Fran\u00e7aise de Rostov-sur-le-Don et venez partager avec nous votre amour de la France et de la langue fran\u00e7aise.<\/p>\n<p>Envoyez nous d\u00e8s maintenant votre CV par email \u00e0 l&#8217;adresse: directeur.rostov@afrus.ru<\/p>\n","protected":false},"excerpt":{"rendered":"<p>Rejoignez la famille de l&#8217;Alliance Fran\u00e7aise de Rostov-sur-le-Don et venez partager avec nous votre amour de la France et de la langue fran\u00e7aise. Envoyez nous d\u00e8s maintenant votre CV par email \u00e0 l&#8217;adresse: directeur.rostov@afrus.ru<\/p>\n","protected":false},"author":1,"featured_media":0,"parent":402,"menu_order":0,"comment_status":"closed","ping_status":"closed","template":"","meta":{"inline_featured_image":false,"footnotes":""},"class_list":["post-464","page","type-page","status-publish","hentry"],"_links":{"self":[{"href":"https:\/\/afrus.ru\/rostov\/wp-json\/wp\/v2\/pages\/464"}],"collection":[{"href":"https:\/\/afrus.ru\/rostov\/wp-json\/wp\/v2\/pages"}],"about":[{"href":"https:\/\/afrus.ru\/rostov\/wp-json\/wp\/v2\/types\/page"}],"author":[{"embeddable":true,"href":"https:\/\/afrus.ru\/rostov\/wp-json\/wp\/v2\/users\/1"}],"replies":[{"embeddable":true,"href":"https:\/\/afrus.ru\/rostov\/wp-json\/wp\/v2\/comments?post=464"}],"version-history":[{"count":2,"href":"https:\/\/afrus.ru\/rostov\/wp-json\/wp\/v2\/pages\/464\/revisions"}],"predecessor-version":[{"id":5635,"href":"https:\/\/afrus.ru\/rostov\/wp-json\/wp\/v2\/pages\/464\/revisions\/5635"}],"up":[{"embeddable":true,"href":"https:\/\/afrus.ru\/rostov\/wp-json\/wp\/v2\/pages\/402"}],"wp:attachment":[{"href":"https:\/\/afrus.ru\/rostov\/wp-json\/wp\/v2\/media?parent=464"}],"curies":[{"name":"wp","href":"https:\/\/api.w.org\/{rel}","templated":true}]}}