{"id":4997,"date":"2020-03-31T09:58:14","date_gmt":"2020-03-31T06:58:14","guid":{"rendered":"http:\/\/afrus.ru\/rostov\/4997-2\/"},"modified":"2025-12-12T13:21:25","modified_gmt":"2025-12-12T10:21:25","slug":"4997-2","status":"publish","type":"page","link":"https:\/\/afrus.ru\/rostov\/4997-2\/","title":{"rendered":"\u0417\u0430\u043f\u0438\u0441\u044c \u043d\u0430 \u044d\u043a\u0437\u0430\u043c\u0435\u043d\u044b DELF\/DALF"},"content":{"rendered":"\n<p>\u0417\u0430\u043f\u0438\u0441\u044c \u043d\u0430 \u043a\u0430\u0436\u0434\u044b\u0439 \u044d\u043a\u0437\u0430\u043c\u0435\u043d \u0441\u0435\u0441\u0441\u0438\u0438 DELF\/DALF \u043e\u0442\u043a\u0440\u044b\u0432\u0430\u0435\u0442\u0441\u044f \u0437\u0430 \u043c\u0435\u0441\u044f\u0446 \u0434\u043e \u0435\u0433\u043e \u043d\u0430\u0447\u0430\u043b\u0430.&nbsp;\u0414\u043b\u044f \u0441\u0442\u0443\u0434\u0435\u043d\u0442\u043e\u0432 \u00ab\u0410\u043b\u044c\u044f\u043d\u0441 \u0424\u0440\u0430\u043d\u0441\u0435\u0437\u00bb \u0434\u0435\u0439\u0441\u0442\u0432\u0443\u044e\u0442 \u043b\u044c\u0433\u043e\u0442\u043d\u044b\u0435 \u0442\u0430\u0440\u0438\u0444\u044b.<\/p>\n\n\n\n<p class=\"has-vivid-red-color has-text-color\"><em>\u0412\u043d\u0438\u043c\u0430\u043d\u0438\u0435: \u043d\u0430\u043f\u0438\u0441\u0430\u043d\u0438\u0435 \u0432\u0430\u0448\u0438\u0445 \u0444\u0430\u043c\u0438\u043b\u0438\u0438 \u0438 \u0438\u043c\u0435\u043d\u0438 \u043b\u0430\u0442\u0438\u043d\u0438\u0446\u0435\u0439 \u0434\u043e\u043b\u0436\u043d\u043e \u0441\u043e\u043e\u0442\u0432\u0435\u0442\u0441\u0442\u0432\u043e\u0432\u0430\u0442\u044c \u043d\u0430\u043f\u0438\u0441\u0430\u043d\u0438\u044e \u0432 \u0432\u0430\u0448\u0435\u043c <\/em> <strong><em>\u0437\u0430\u0433\u0440\u0430\u043d\u0438\u0447\u043d\u043e\u043c \u043f\u0430\u0441\u043f\u043e\u0440\u0442\u0435<\/em><\/strong><em>, \u0438\u0437\u043c\u0435\u043d\u0435\u043d\u0438\u044f \u0432 \u043c\u0435\u0436\u0434\u0443\u043d\u0430\u0440\u043e\u0434\u043d\u043e\u043c \u0434\u0438\u043f\u043b\u043e\u043c\u0435 \u043d\u0435\u0432\u043e\u0437\u043c\u043e\u0436\u043d\u044b.<\/em> <\/p>\n\n\n\n<p><em>Attention&nbsp;: l&#8217;orthographe de vos noms et pr\u00e9noms ci-dessous doivent imp\u00e9rativement correspondre \u00e0 celle du <\/em> <strong><em>passeport international<\/em><\/strong><em> \u2013 aucune modification sur le dipl\u00f4me international Delf-Dalf ne sera possible.<\/em> <\/p>\n\n\n\n<p>\u0427\u0442\u043e\u0431\u044b \u0437\u0430\u043f\u0438\u0441\u0430\u0442\u044c\u0441\u044f \u043d\u0430 \u044d\u043a\u0437\u0430\u043c\u0435\u043d, \u043d\u0435\u043e\u0431\u0445\u043e\u0434\u0438\u043c\u043e:<\/p>\n\n\n\n<h2 class=\"wp-block-heading\">1. \u0417\u0430\u043f\u043e\u043b\u043d\u0438\u0442\u044c \u0430\u043d\u043a\u0435\u0442\u0443 \u043f\u043e \u0441\u0441\u044b\u043b\u043a\u0435 \u043d\u0438\u0436\u0435<\/h2>\n\n\n\n<p><strong>\u0417\u0430\u043f\u0438\u0441\u044c \u043d\u0430 \u044d\u043a\u0437\u0430\u043c\u0435\u043d\u044b DELF\/DALF Tout Public \u043d\u0430 \u0434\u0430\u0442\u044b 22.11.2025 \u0438 29.11.2025 \u0417\u0410\u041a\u0420\u042b\u0422\u0410.<\/strong><\/p>\n\n\n\n<p><\/p>\n\n\n\n<p><\/p>\n\n\n\n<p><br><\/p>\n\n\n\n<blockquote class=\"wp-block-quote is-layout-flow wp-block-quote-is-layout-flow\">\n<p><\/p>\n<\/blockquote>\n\n\n\n<h2 class=\"wp-block-heading has-vivid-red-color has-text-color has-link-color wp-elements-fdc5c7037e75715fd842e192c92df4e1\">2. <strong><a href=\"http:\/\/afrus.ru\/rostov\/wp-content\/uploads\/sites\/29\/2025\/12\/calendrier-delf-dalf-2026.pdf\">\u041a\u0430\u043b\u0435\u043d\u0434\u0430\u0440\u044c \u0441\u0435\u0441\u0441\u0438\u0439 DELF\/DALF \u0438 \u0441\u0442\u043e\u0438\u043c\u043e\u0441\u0442\u044c<\/a><\/strong><\/h2>\n\n\n\n<p><\/p>\n\n\n\n<h2 class=\"wp-block-heading\">3.  O\u0442\u043f\u0440\u0430\u0432\u0438\u0442\u044c \u043d\u0430 \u044d\u043b\u0435\u043a\u0442\u0440\u043e\u043d\u043d\u044b\u0439 \u0430\u0434\u0440\u0435\u0441 info.rostov@afrus.ru \u0441 \u0443\u043a\u0430\u0437\u0430\u043d\u0438\u0435\u043c \u0442\u0435\u043c\u044b \u043f\u0438\u0441\u044c\u043c\u0430 \u00ab\u0417\u0430\u043f\u0438\u0441\u044c \u043d\u0430 DELF\u00bb \u044d\u043b\u0435\u043a\u0442\u0440\u043e\u043d\u043d\u044b\u0439 \u0447\u0435\u043a, \u043f\u043e\u0434\u0442\u0432\u0435\u0440\u0436\u0434\u0430\u044e\u0449\u0438\u0439 \u043e\u043f\u043b\u0430\u0442\u0443 <\/h2>\n\n\n\n<p>\u041d\u0430 \u044d\u043a\u0437\u0430\u043c\u0435\u043d\u0435 \u043f\u0440\u0438 \u0441\u0435\u0431\u0435 \u0438\u043c\u0435\u0442\u044c \u043f\u0430\u0441\u043f\u043e\u0440\u0442, \u0447\u0435\u0440\u043d\u0443\u044e \u0433\u0435\u043b\u0435\u0432\u0443\u044e \u0440\u0443\u0447\u043a\u0443. <\/p>\n","protected":false},"excerpt":{"rendered":"<p>\u0417\u0430\u043f\u0438\u0441\u044c \u043d\u0430 \u043a\u0430\u0436\u0434\u044b\u0439 \u044d\u043a\u0437\u0430\u043c\u0435\u043d \u0441\u0435\u0441\u0441\u0438\u0438 DELF\/DALF \u043e\u0442\u043a\u0440\u044b\u0432\u0430\u0435\u0442\u0441\u044f \u0437\u0430 \u043c\u0435\u0441\u044f\u0446 \u0434\u043e \u0435\u0433\u043e \u043d\u0430\u0447\u0430\u043b\u0430.&nbsp;\u0414\u043b\u044f \u0441\u0442\u0443\u0434\u0435\u043d\u0442\u043e\u0432 \u00ab\u0410\u043b\u044c\u044f\u043d\u0441 \u0424\u0440\u0430\u043d\u0441\u0435\u0437\u00bb \u0434\u0435\u0439\u0441\u0442\u0432\u0443\u044e\u0442 \u043b\u044c\u0433\u043e\u0442\u043d\u044b\u0435 \u0442\u0430\u0440\u0438\u0444\u044b. \u0412\u043d\u0438\u043c\u0430\u043d\u0438\u0435: \u043d\u0430\u043f\u0438\u0441\u0430\u043d\u0438\u0435 \u0432\u0430\u0448\u0438\u0445 \u0444\u0430\u043c\u0438\u043b\u0438\u0438 \u0438 \u0438\u043c\u0435\u043d\u0438 \u043b\u0430\u0442\u0438\u043d\u0438\u0446\u0435\u0439 \u0434\u043e\u043b\u0436\u043d\u043e \u0441\u043e\u043e\u0442\u0432\u0435\u0442\u0441\u0442\u0432\u043e\u0432\u0430\u0442\u044c \u043d\u0430\u043f\u0438\u0441\u0430\u043d\u0438\u044e \u0432 \u0432\u0430\u0448\u0435\u043c \u0437\u0430\u0433\u0440\u0430\u043d\u0438\u0447\u043d\u043e\u043c \u043f\u0430\u0441\u043f\u043e\u0440\u0442\u0435, \u0438\u0437\u043c\u0435\u043d\u0435\u043d\u0438\u044f \u0432 \u043c\u0435\u0436\u0434\u0443\u043d\u0430\u0440\u043e\u0434\u043d\u043e\u043c \u0434\u0438\u043f\u043b\u043e\u043c\u0435 \u043d\u0435\u0432\u043e\u0437\u043c\u043e\u0436\u043d\u044b. Attention&nbsp;: l&#8217;orthographe de vos noms et pr\u00e9noms ci-dessous doivent imp\u00e9rativement correspondre \u00e0 celle du passeport international \u2013 aucune [&hellip;]<\/p>\n","protected":false},"author":1,"featured_media":5135,"parent":0,"menu_order":0,"comment_status":"closed","ping_status":"closed","template":"template-inscription.php","meta":{"inline_featured_image":false,"footnotes":""},"class_list":["post-4997","page","type-page","status-publish","has-post-thumbnail","hentry"],"_links":{"self":[{"href":"https:\/\/afrus.ru\/rostov\/wp-json\/wp\/v2\/pages\/4997"}],"collection":[{"href":"https:\/\/afrus.ru\/rostov\/wp-json\/wp\/v2\/pages"}],"about":[{"href":"https:\/\/afrus.ru\/rostov\/wp-json\/wp\/v2\/types\/page"}],"author":[{"embeddable":true,"href":"https:\/\/afrus.ru\/rostov\/wp-json\/wp\/v2\/users\/1"}],"replies":[{"embeddable":true,"href":"https:\/\/afrus.ru\/rostov\/wp-json\/wp\/v2\/comments?post=4997"}],"version-history":[{"count":70,"href":"https:\/\/afrus.ru\/rostov\/wp-json\/wp\/v2\/pages\/4997\/revisions"}],"predecessor-version":[{"id":8174,"href":"https:\/\/afrus.ru\/rostov\/wp-json\/wp\/v2\/pages\/4997\/revisions\/8174"}],"wp:featuredmedia":[{"embeddable":true,"href":"https:\/\/afrus.ru\/rostov\/wp-json\/wp\/v2\/media\/5135"}],"wp:attachment":[{"href":"https:\/\/afrus.ru\/rostov\/wp-json\/wp\/v2\/media?parent=4997"}],"curies":[{"name":"wp","href":"https:\/\/api.w.org\/{rel}","templated":true}]}}