{"id":536,"date":"2015-04-16T00:00:00","date_gmt":"2015-04-15T21:00:00","guid":{"rendered":"http:\/\/afrus.ru\/rostov\/test-de-connaissance-du-fran-ais-tcf\/"},"modified":"2020-12-10T16:51:46","modified_gmt":"2020-12-10T13:51:46","slug":"test-de-connaissance-du-fran-ais-tcf","status":"publish","type":"page","link":"https:\/\/afrus.ru\/rostov\/fr\/tests-et-diplomes\/test-de-connaissance-du-fran-ais-tcf\/","title":{"rendered":"TCF"},"content":{"rendered":"<p>Le TCF (Test de connaissance du fran\u00e7ais) permet d\u2019\u00e9valuer vos connaissances en fran\u00e7ais, \u00e0 des fins personnelles, professionnelles ou universitaires, ou encore dans le cadre d\u2019un projet d\u2019\u00e9migration. Il existe diff\u00e9rentes d\u00e9clinaisons du TCF, en fonction de vos motivations \u00e0 passer ce test. Vous pouvez pr\u00e9senter ces test \u00e0 partir de 16 ans.<\/p>\n<p>Vous souhaitez \u00e9valuer vos comp\u00e9tences en fran\u00e7ais pour des raisons personnelles acad\u00e9miques ou professionnelles ? Passez le TCF.<br \/>\nVous \u00eates \u00e9tudiant et vous souhaitez faire des \u00e9tudes dans une universit\u00e9 fran\u00e7aise ou une \u00e9cole d\u2019architecture fran\u00e7aise ? Passez le TCF DAP.<br \/>\nVous devez justifier de votre niveau de fran\u00e7ais dans le cadre d&#8217;une demande d&#8217;acquisition de la nationalit\u00e9 fran\u00e7aise ? Passez le TCF ANF.<br \/>\nVous souhaitez vous installer durablement au Qu\u00e9bec et vous devez faire \u00e9valuer votre niveau de fran\u00e7ais dans le cadre d\u2019un dossier d\u2019immigration au Bureau d\u2019immigration du Qu\u00e9bec ? Passez le TCF Qu\u00e9bec.<\/p>\n<p>Plus d&#8217;information&nbsp;<a href=\"http:\/\/www.institutfrancais.ru\/fr\/russie\/apprendre-francais\/certifications\/plus-dinformations-tcf-%D0%BA%D1%83%D1%80%D1%81%D1%8B-%D1%84%D1%80%D0%B0%D0%BD%D1%86%D1%83%D0%B7%D1%81%D0%BA%D0%BE%D0%B3%D0%BE-%D1%8F%D0%B7%D1%8B%D0%BA%D0%B0-kursy-francuzskogo-yazyka\">ici<\/a><\/p>\n","protected":false},"excerpt":{"rendered":"<p>Le TCF (Test de connaissance du fran\u00e7ais) permet d\u2019\u00e9valuer vos connaissances en fran\u00e7ais, \u00e0 des fins personnelles, professionnelles ou universitaires, ou encore dans le cadre d\u2019un projet d\u2019\u00e9migration. Il existe diff\u00e9rentes d\u00e9clinaisons du TCF, en fonction de vos motivations \u00e0 passer ce test. Vous pouvez pr\u00e9senter ces test \u00e0 partir de 16 ans. Vous souhaitez [&hellip;]<\/p>\n","protected":false},"author":1,"featured_media":5777,"parent":2975,"menu_order":1,"comment_status":"closed","ping_status":"closed","template":"","meta":{"inline_featured_image":false,"footnotes":""},"class_list":["post-536","page","type-page","status-publish","has-post-thumbnail","hentry"],"_links":{"self":[{"href":"https:\/\/afrus.ru\/rostov\/wp-json\/wp\/v2\/pages\/536"}],"collection":[{"href":"https:\/\/afrus.ru\/rostov\/wp-json\/wp\/v2\/pages"}],"about":[{"href":"https:\/\/afrus.ru\/rostov\/wp-json\/wp\/v2\/types\/page"}],"author":[{"embeddable":true,"href":"https:\/\/afrus.ru\/rostov\/wp-json\/wp\/v2\/users\/1"}],"replies":[{"embeddable":true,"href":"https:\/\/afrus.ru\/rostov\/wp-json\/wp\/v2\/comments?post=536"}],"version-history":[{"count":3,"href":"https:\/\/afrus.ru\/rostov\/wp-json\/wp\/v2\/pages\/536\/revisions"}],"predecessor-version":[{"id":6485,"href":"https:\/\/afrus.ru\/rostov\/wp-json\/wp\/v2\/pages\/536\/revisions\/6485"}],"up":[{"embeddable":true,"href":"https:\/\/afrus.ru\/rostov\/wp-json\/wp\/v2\/pages\/2975"}],"wp:featuredmedia":[{"embeddable":true,"href":"https:\/\/afrus.ru\/rostov\/wp-json\/wp\/v2\/media\/5777"}],"wp:attachment":[{"href":"https:\/\/afrus.ru\/rostov\/wp-json\/wp\/v2\/media?parent=536"}],"curies":[{"name":"wp","href":"https:\/\/api.w.org\/{rel}","templated":true}]}}