{"id":6684,"date":"2021-05-20T12:15:19","date_gmt":"2021-05-20T09:15:19","guid":{"rendered":"http:\/\/afrus.ru\/rostov\/?page_id=6684"},"modified":"2026-04-13T16:11:25","modified_gmt":"2026-04-13T13:11:25","slug":"inscription-delf-prim-junior","status":"publish","type":"page","link":"https:\/\/afrus.ru\/rostov\/glavnaja\/tests-et-diplomes-copy-14072017-102928\/delfdalf-3\/inscription-delf-prim-junior\/","title":{"rendered":"\u0417\u0430\u043f\u0438\u0441\u044c \u043d\u0430 \u044d\u043a\u0437\u0430\u043c\u0435\u043d\u044b DELF\/DALF \u0434\u043b\u044f \u043d\u0435\u0441\u043e\u0432\u0435\u0440\u0448\u0435\u043d\u043d\u043e\u043b\u0435\u0442\u043d\u0438\u0445 \u043a\u0430\u043d\u0434\u0438\u0434\u0430\u0442\u043e\u0432"},"content":{"rendered":"\n<p>\u0417\u0430\u043f\u0438\u0441\u044c \u043d\u0430 \u043a\u0430\u0436\u0434\u044b\u0439 \u044d\u043a\u0437\u0430\u043c\u0435\u043d \u0441\u0435\u0441\u0441\u0438\u0438 DELF\/DALF \u043e\u0442\u043a\u0440\u044b\u0432\u0430\u0435\u0442\u0441\u044f \u0438 \u0437\u0430\u043a\u0440\u044b\u0432\u0430\u0435\u0442\u0441\u044f \u0432 \u0441\u043e\u043e\u0442\u0432\u0435\u0442\u0441\u0442\u0432\u0438\u0438 \u0441 <a href=\"https:\/\/afrus.ru\/rostov\/wp-content\/uploads\/sites\/29\/2025\/12\/calendrier-delf-dalf-2026.pdf\"><mark style=\"background-color:#ffffff\" class=\"has-inline-color has-vivid-cyan-blue-color\">\u043a\u0430\u043b\u0435\u043d\u0434\u0430\u0440\u0451\u043c \u0441\u0435\u0441\u0441\u0438\u0439<\/mark><\/a>.<\/p>\n\n\n\n<p><mark style=\"background-color:#ffffff\" class=\"has-inline-color has-vivid-red-color\">\u0412\u043d\u0438\u043c\u0430\u043d\u0438\u0435: \u043f\u0440\u0438 \u043d\u0430\u043b\u0438\u0447\u0438\u0438 \u0431\u043e\u043b\u044c\u0448\u043e\u0433\u043e \u043a\u043e\u043b\u0438\u0447\u0435\u0441\u0442\u0432\u0430 \u043a\u0430\u043d\u0434\u0438\u0434\u0430\u0442\u043e\u0432 \u0437\u0430\u043f\u0438\u0441\u044c \u043c\u043e\u0436\u0435\u0442 \u0431\u044b\u0442\u044c \u0437\u0430\u043a\u0440\u044b\u0442\u0430 \u0434\u043e\u0441\u0440\u043e\u0447\u043d\u043e.<\/mark><\/p>\n\n\n\n<p>\u0414\u043b\u044f \u0441\u0442\u0443\u0434\u0435\u043d\u0442\u043e\u0432 \u00ab\u0410\u043b\u044c\u044f\u043d\u0441 \u0424\u0440\u0430\u043d\u0441\u0435\u0437\u00bb \u0434\u0435\u0439\u0441\u0442\u0432\u0443\u044e\u0442 \u043b\u044c\u0433\u043e\u0442\u043d\u044b\u0435 \u0442\u0430\u0440\u0438\u0444\u044b.<\/p>\n\n\n\n<h2 class=\"wp-block-heading\">\u0414\u043b\u044f \u0437\u0430\u043f\u0438\u0441\u0438 \u043d\u0430 \u044d\u043a\u0437\u0430\u043c\u0435\u043d \u0437\u0430\u043f\u043e\u043b\u043d\u0438\u0442\u0435 \u0430\u043d\u043a\u0435\u0442\u0443 \u043f\u043e \u0441\u0441\u044b\u043b\u043a\u0435 \u043d\u0438\u0436\u0435:<\/h2>\n\n\n\n<p><\/p>\n\n\n\n<p><strong>\u0414\u043b\u044f \u043a\u0430\u043d\u0434\u0438\u0434\u0430\u0442\u043e\u0432 \u043d\u0430 \u044d\u043a\u0437\u0430\u043c\u0435\u043d DELF Prim (\u0434\u0435\u0442\u0438 \u043e\u0442 8 \u0434\u043e 12 \u043b\u0435\u0442)<\/strong><\/p>\n\n\n\n<p class=\"has-vivid-red-color has-text-color has-link-color wp-elements-88fdefc60740d43d61d2d7e3ba333d10\">\u0417\u0430\u043f\u0438\u0441\u044c \u0437\u0430\u043a\u0440\u044b\u0442\u0430<\/p>\n\n\n\n<p><strong>\u0414\u043b\u044f \u043a\u0430\u043d\u0434\u0438\u0434\u0430\u0442\u043e\u0432 \u043d\u0430 \u044d\u043a\u0437\u0430\u043c\u0435\u043d DELF Junior (\u043f\u043e\u0434\u0440\u043e\u0441\u0442\u043a\u0438 \u0434\u043e 18 \u043b\u0435\u0442)<\/strong><\/p>\n\n\n\n<p class=\"has-vivid-red-color has-text-color has-link-color wp-elements-88fdefc60740d43d61d2d7e3ba333d10\">\u0417\u0430\u043f\u0438\u0441\u044c \u0437\u0430\u043a\u0440\u044b\u0442\u0430<\/p>\n\n\n\n<p><\/p>\n\n\n\n<p class=\"has-vivid-red-color has-text-color\"><strong>\u0414\u043e\u0433\u043e\u0432\u043e\u0440 \u043f\u043e\u0434\u043f\u0438\u0441\u044b\u0432\u0430\u0435\u0442 \u0442\u043e\u043b\u044c\u043a\u043e \u0440\u043e\u0434\u0438\u0442\u0435\u043b\u044c, \u043f\u0440\u0435\u0434\u043e\u0441\u0442\u0430\u0432\u0438\u0432\u0448\u0438\u0439 \u0434\u0430\u043d\u043d\u044b\u0435<\/strong><\/p>\n\n\n\n<p>\u041d\u0430\u043f\u0438\u0441\u0430\u043d\u0438\u0435 \u0432\u0430\u0448\u0438\u0445 \u0444\u0430\u043c\u0438\u043b\u0438\u0438 \u0438 \u0438\u043c\u0435\u043d\u0438 \u043b\u0430\u0442\u0438\u043d\u0438\u0446\u0435\u0439 \u0434\u043e\u043b\u0436\u043d\u043e \u0441\u043e\u043e\u0442\u0432\u0435\u0442\u0441\u0442\u0432\u043e\u0432\u0430\u0442\u044c \u043d\u0430\u043f\u0438\u0441\u0430\u043d\u0438\u044e \u0432 \u0432\u0430\u0448\u0435\u043c \u0437\u0430\u0433\u0440\u0430\u043d\u0438\u0447\u043d\u043e\u043c \u043f\u0430\u0441\u043f\u043e\u0440\u0442\u0435, \u0438\u0437\u043c\u0435\u043d\u0435\u043d\u0438\u044f \u0432 \u043c\u0435\u0436\u0434\u0443\u043d\u0430\u0440\u043e\u0434\u043d\u043e\u043c \u0434\u0438\u043f\u043b\u043e\u043c\u0435 \u043d\u0435\u0432\u043e\u0437\u043c\u043e\u0436\u043d\u044b.<\/p>\n\n\n\n<p>Attention : l\u2019orthographe de vos noms et pr\u00e9noms ci-dessous doivent imp\u00e9rativement correspondre \u00e0 celle du passeport international \u2013 aucune modification sur le dipl\u00f4me international Delf-Dalf ne sera possible.<\/p>\n\n\n\n<p>\u041f\u043e\u0441\u043b\u0435 \u043f\u043e\u043b\u0443\u0447\u0435\u043d\u0438\u044f \u0430\u043d\u043a\u0435\u0442\u044b \u0441 \u0432\u0430\u043c\u0438 \u0441\u0432\u044f\u0436\u0435\u0442\u0441\u044f \u0441\u043e\u0442\u0440\u0443\u0434\u043d\u0438\u043a \u0410\u043b\u044c\u044f\u043d\u0441 \u0424\u0440\u0430\u043d\u0441\u0435\u0437 \u0434\u043b\u044f \u043f\u043e\u0434\u0442\u0432\u0435\u0440\u0436\u0434\u0435\u043d\u0438\u044f.<\/p>\n","protected":false},"excerpt":{"rendered":"<p>\u0417\u0430\u043f\u0438\u0441\u044c \u043d\u0430 \u043a\u0430\u0436\u0434\u044b\u0439 \u044d\u043a\u0437\u0430\u043c\u0435\u043d \u0441\u0435\u0441\u0441\u0438\u0438 DELF\/DALF \u043e\u0442\u043a\u0440\u044b\u0432\u0430\u0435\u0442\u0441\u044f \u0438 \u0437\u0430\u043a\u0440\u044b\u0432\u0430\u0435\u0442\u0441\u044f \u0432 \u0441\u043e\u043e\u0442\u0432\u0435\u0442\u0441\u0442\u0432\u0438\u0438 \u0441 \u043a\u0430\u043b\u0435\u043d\u0434\u0430\u0440\u0451\u043c \u0441\u0435\u0441\u0441\u0438\u0439. \u0412\u043d\u0438\u043c\u0430\u043d\u0438\u0435: \u043f\u0440\u0438 \u043d\u0430\u043b\u0438\u0447\u0438\u0438 \u0431\u043e\u043b\u044c\u0448\u043e\u0433\u043e \u043a\u043e\u043b\u0438\u0447\u0435\u0441\u0442\u0432\u0430 \u043a\u0430\u043d\u0434\u0438\u0434\u0430\u0442\u043e\u0432 \u0437\u0430\u043f\u0438\u0441\u044c \u043c\u043e\u0436\u0435\u0442 \u0431\u044b\u0442\u044c \u0437\u0430\u043a\u0440\u044b\u0442\u0430 \u0434\u043e\u0441\u0440\u043e\u0447\u043d\u043e. \u0414\u043b\u044f \u0441\u0442\u0443\u0434\u0435\u043d\u0442\u043e\u0432 \u00ab\u0410\u043b\u044c\u044f\u043d\u0441 \u0424\u0440\u0430\u043d\u0441\u0435\u0437\u00bb \u0434\u0435\u0439\u0441\u0442\u0432\u0443\u044e\u0442 \u043b\u044c\u0433\u043e\u0442\u043d\u044b\u0435 \u0442\u0430\u0440\u0438\u0444\u044b. \u0414\u043b\u044f \u0437\u0430\u043f\u0438\u0441\u0438 \u043d\u0430 \u044d\u043a\u0437\u0430\u043c\u0435\u043d \u0437\u0430\u043f\u043e\u043b\u043d\u0438\u0442\u0435 \u0430\u043d\u043a\u0435\u0442\u0443 \u043f\u043e \u0441\u0441\u044b\u043b\u043a\u0435 \u043d\u0438\u0436\u0435: \u0414\u043b\u044f \u043a\u0430\u043d\u0434\u0438\u0434\u0430\u0442\u043e\u0432 \u043d\u0430 \u044d\u043a\u0437\u0430\u043c\u0435\u043d DELF Prim (\u0434\u0435\u0442\u0438 \u043e\u0442 8 \u0434\u043e 12 \u043b\u0435\u0442) \u0417\u0430\u043f\u0438\u0441\u044c \u0437\u0430\u043a\u0440\u044b\u0442\u0430 [&hellip;]<\/p>\n","protected":false},"author":1,"featured_media":5949,"parent":361,"menu_order":0,"comment_status":"closed","ping_status":"closed","template":"template-inscription.php","meta":{"inline_featured_image":false,"footnotes":""},"class_list":["post-6684","page","type-page","status-publish","has-post-thumbnail","hentry"],"_links":{"self":[{"href":"https:\/\/afrus.ru\/rostov\/wp-json\/wp\/v2\/pages\/6684"}],"collection":[{"href":"https:\/\/afrus.ru\/rostov\/wp-json\/wp\/v2\/pages"}],"about":[{"href":"https:\/\/afrus.ru\/rostov\/wp-json\/wp\/v2\/types\/page"}],"author":[{"embeddable":true,"href":"https:\/\/afrus.ru\/rostov\/wp-json\/wp\/v2\/users\/1"}],"replies":[{"embeddable":true,"href":"https:\/\/afrus.ru\/rostov\/wp-json\/wp\/v2\/comments?post=6684"}],"version-history":[{"count":52,"href":"https:\/\/afrus.ru\/rostov\/wp-json\/wp\/v2\/pages\/6684\/revisions"}],"predecessor-version":[{"id":8281,"href":"https:\/\/afrus.ru\/rostov\/wp-json\/wp\/v2\/pages\/6684\/revisions\/8281"}],"up":[{"embeddable":true,"href":"https:\/\/afrus.ru\/rostov\/wp-json\/wp\/v2\/pages\/361"}],"wp:featuredmedia":[{"embeddable":true,"href":"https:\/\/afrus.ru\/rostov\/wp-json\/wp\/v2\/media\/5949"}],"wp:attachment":[{"href":"https:\/\/afrus.ru\/rostov\/wp-json\/wp\/v2\/media?parent=6684"}],"curies":[{"name":"wp","href":"https:\/\/api.w.org\/{rel}","templated":true}]}}