{"id":3278,"date":"2017-04-24T00:00:00","date_gmt":"2017-04-23T21:00:00","guid":{"rendered":"http:\/\/afrus.ru\/samara\/la-ville-de-samara\/"},"modified":"2021-07-01T17:15:50","modified_gmt":"2021-07-01T14:15:50","slug":"la-ville-de-samara","status":"publish","type":"page","link":"https:\/\/afrus.ru\/samara\/fr\/la-ville-de-samara\/","title":{"rendered":"Samara, une ville au bord de la Volga"},"content":{"rendered":"<p>Samara est construite sur les rives de la Volga, dans le sud de la Russie, pr\u00e8s de la fronti\u00e8re avec le Kazakhstan. Capitale de son Oblast, cette ville de plus d&#8217;un million d&#8217;habitants est un important centre \u00e9conomique, politique et culturel.<\/p>\n\n\n<div class=\"wp-block-image\"><figure class=\"aligncenter is-resized\"><img loading=\"lazy\" decoding=\"async\" src=\"http:\/\/www.afrus.ru\/uploads\/general_files\/ville_13\/Samara ville\/samara vue du haut.jpg\" alt=\"\" width=\"750\" height=\"426\" \/><figcaption><code>Samara, \u00e0 la jonction entre le fleuve Volga (gauche) et la rivi\u00e8re Samara (droite)<\/code><\/figcaption><\/figure><\/div>\n\n\n\n<p class=\"has-text-align-center\">Pendant la Seconde Guerre Mondiale, Samara fut d\u00e9sign\u00e9e deuxi\u00e8me capitale de l&#8217;URSS, en cas d&#8217;invasion de Moscou. Ambassades, industries strat\u00e9giques et institutions culturelles y furent alors transf\u00e9r\u00e9es.<\/p>\n\n\n\n<p class=\"has-text-align-center\">Samara est, depuis, le premier p\u00f4le industriel de la Volga et accueille le si\u00e8ge de la recherche spatiale russe.&nbsp;L&#8217;Oblast de Samara compte \u00e9galement une deuxi\u00e8me ville industrielle, Togliatti, qui dispose \u00e9galement d&#8217;une <a href=\"https:\/\/afrus.ru\/togliatti\/\">Alliance Fran\u00e7aise<\/a>. Cette r\u00e9gion est g\u00e9n\u00e9ralement comme la premi\u00e8re r\u00e9gion en mati\u00e8re d&#8217;investissements Fran\u00e7ais, en dehors des deux capitales.<\/p>\n\n\n\n<div class=\"wp-block-image\"><figure class=\"aligncenter is-resized\"><img loading=\"lazy\" decoding=\"async\" src=\"http:\/\/www.afrus.ru\/uploads\/general_files\/ville_13\/Samara ville\/soyouz centre spatial samara.jpeg\" alt=\"\" width=\"600\" height=\"400\" \/><figcaption><code>Le Mus\u00e9e de l'Espace de Samara<\/code><\/figcaption><\/figure><\/div>\n\n\n\n<p class=\"has-text-align-center\"> L&#8217;architecture du centre ville historique pr\u00e9sente un attrait ind\u00e9niable avec ses maisons traditionnelles en bois et ses h\u00f4tels particuliers en brique ou en style Art Nouveau. <\/p>\n\n\n\n<p class=\"has-text-align-center\">Les bords de la Volga font le charme de Samara : ils forment un des plus longs quai d&#8217;Europe, bord\u00e9 par la plage, tr\u00e8s fr\u00e9quent\u00e9 par les habitants et les touristes en \u00e9t\u00e9. On y trouve des restaurants, des estrades pour des concerts, et des parcs. La ville b\u00e9n\u00e9ficie en \u00e9t\u00e9 d&#8217;un climat chaud l&#8217;\u00e9t\u00e9, propice aux balades et \u00e0 la mise en place d&#8217;un festival sur les berges, le Volgafest. <\/p>\n\n\n\n<div class=\"wp-block-image\"><figure class=\"aligncenter is-resized\"><img loading=\"lazy\" decoding=\"async\" src=\"http:\/\/www.afrus.ru\/uploads\/general_files\/ville_13\/Samara ville\/Plage Samara depuis la volga.jpg\" alt=\"\" width=\"800\" height=\"420\" \/><figcaption><code>Les plages de Samara<\/code><\/figcaption><\/figure><\/div>\n\n\n\n<p class=\"has-text-align-center\">Sur l&#8217;autre rive de la Volga se situe un grand parc naturel Samarskaya Louka, tr\u00e8s accessible, aussi bien en \u00e9t\u00e9 (en bateau) qu&#8217;en hiver (\u00e0 pied,  \u00e0  travers le fleuve gel\u00e9).<\/p>\n\n\n\n<div class=\"wp-block-image\"><figure class=\"aligncenter size-large is-resized\"><img loading=\"lazy\" decoding=\"async\" src=\"https:\/\/afrus.ru\/samara\/wp-content\/uploads\/sites\/36\/2021\/07\/La-Volga-2020-cAlliance-Francaise-Samara-1024x577.jpg\" alt=\"\" class=\"wp-image-4490\" width=\"768\" height=\"433\" srcset=\"https:\/\/afrus.ru\/samara\/wp-content\/uploads\/sites\/36\/2021\/07\/La-Volga-2020-cAlliance-Francaise-Samara-1024x577.jpg 1024w, https:\/\/afrus.ru\/samara\/wp-content\/uploads\/sites\/36\/2021\/07\/La-Volga-2020-cAlliance-Francaise-Samara-300x169.jpg 300w, https:\/\/afrus.ru\/samara\/wp-content\/uploads\/sites\/36\/2021\/07\/La-Volga-2020-cAlliance-Francaise-Samara-768x433.jpg 768w, https:\/\/afrus.ru\/samara\/wp-content\/uploads\/sites\/36\/2021\/07\/La-Volga-2020-cAlliance-Francaise-Samara.jpg 1080w\" sizes=\"(max-width: 768px) 100vw, 768px\" \/><figcaption><code>Le fleuve Volga<\/code><\/figcaption><\/figure><\/div>\n","protected":false},"excerpt":{"rendered":"<p>Samara est construite sur les rives de la Volga, dans le sud de la Russie, pr\u00e8s de la fronti\u00e8re avec le Kazakhstan. Capitale de son Oblast, cette ville de plus d&#8217;un million d&#8217;habitants est un important centre \u00e9conomique, politique et culturel. Pendant la Seconde Guerre Mondiale, Samara fut d\u00e9sign\u00e9e deuxi\u00e8me capitale de l&#8217;URSS, en cas [&hellip;]<\/p>\n","protected":false},"author":1,"featured_media":4477,"parent":0,"menu_order":0,"comment_status":"closed","ping_status":"closed","template":"","meta":{"inline_featured_image":false,"footnotes":""},"class_list":["post-3278","page","type-page","status-publish","has-post-thumbnail","hentry"],"_links":{"self":[{"href":"https:\/\/afrus.ru\/samara\/wp-json\/wp\/v2\/pages\/3278"}],"collection":[{"href":"https:\/\/afrus.ru\/samara\/wp-json\/wp\/v2\/pages"}],"about":[{"href":"https:\/\/afrus.ru\/samara\/wp-json\/wp\/v2\/types\/page"}],"author":[{"embeddable":true,"href":"https:\/\/afrus.ru\/samara\/wp-json\/wp\/v2\/users\/1"}],"replies":[{"embeddable":true,"href":"https:\/\/afrus.ru\/samara\/wp-json\/wp\/v2\/comments?post=3278"}],"version-history":[{"count":11,"href":"https:\/\/afrus.ru\/samara\/wp-json\/wp\/v2\/pages\/3278\/revisions"}],"predecessor-version":[{"id":4542,"href":"https:\/\/afrus.ru\/samara\/wp-json\/wp\/v2\/pages\/3278\/revisions\/4542"}],"wp:featuredmedia":[{"embeddable":true,"href":"https:\/\/afrus.ru\/samara\/wp-json\/wp\/v2\/media\/4477"}],"wp:attachment":[{"href":"https:\/\/afrus.ru\/samara\/wp-json\/wp\/v2\/media?parent=3278"}],"curies":[{"name":"wp","href":"https:\/\/api.w.org\/{rel}","templated":true}]}}