{"id":6284,"date":"2021-06-10T00:00:00","date_gmt":"2021-06-09T21:00:00","guid":{"rendered":"http:\/\/afrus.ru\/togliatti\/le-principal\/qui-sommes-nous\/notre-equipe\/"},"modified":"2021-06-24T14:09:51","modified_gmt":"2021-06-24T11:09:51","slug":"notre-equipe","status":"publish","type":"page","link":"https:\/\/afrus.ru\/togliatti\/fr\/le-principal\/qui-sommes-nous\/notre-equipe\/","title":{"rendered":"Notre \u00e9quipe"},"content":{"rendered":"\n<div style=\"height:20px\" aria-hidden=\"true\" class=\"wp-block-spacer\"><\/div>\n\n\n\n<div class=\"wp-block-media-text alignwide is-image-fill\"><figure class=\"wp-block-media-text__media\" style=\"background-image:url(http:\/\/afrus.ru\/togliatti\/wp-content\/uploads\/sites\/38\/2021\/04\/chelovek-komanda_bez-ramki_Aleksej-Vikotorovich-Vostrikov-e1617692772137-858x1024.jpg);background-position:47.04220194212148% 20.73529411764706%\"><img loading=\"lazy\" decoding=\"async\" width=\"858\" height=\"1024\" src=\"http:\/\/afrus.ru\/togliatti\/wp-content\/uploads\/sites\/38\/2021\/04\/chelovek-komanda_bez-ramki_Aleksej-Vikotorovich-Vostrikov-e1617692772137-858x1024.jpg\" alt=\"\" class=\"wp-image-5416\" srcset=\"https:\/\/afrus.ru\/togliatti\/wp-content\/uploads\/sites\/38\/2021\/04\/chelovek-komanda_bez-ramki_Aleksej-Vikotorovich-Vostrikov-e1617692772137-858x1024.jpg 858w, https:\/\/afrus.ru\/togliatti\/wp-content\/uploads\/sites\/38\/2021\/04\/chelovek-komanda_bez-ramki_Aleksej-Vikotorovich-Vostrikov-e1617692772137-251x300.jpg 251w, https:\/\/afrus.ru\/togliatti\/wp-content\/uploads\/sites\/38\/2021\/04\/chelovek-komanda_bez-ramki_Aleksej-Vikotorovich-Vostrikov-e1617692772137-768x916.jpg 768w, https:\/\/afrus.ru\/togliatti\/wp-content\/uploads\/sites\/38\/2021\/04\/chelovek-komanda_bez-ramki_Aleksej-Vikotorovich-Vostrikov-e1617692772137.jpg 1062w\" sizes=\"(max-width: 858px) 100vw, 858px\" \/><\/figure><div class=\"wp-block-media-text__content\">\n<h2 class=\"wp-block-heading\">Alexe\u00ef VOSTRIKOV<\/h2>\n\n\n\n<p>Pr\u00e9sident de l&#8217;Alliance Fran\u00e7aise de Togliatti<\/p>\n<\/div><\/div>\n\n\n\n<div style=\"height:20px\" aria-hidden=\"true\" class=\"wp-block-spacer\"><\/div>\n\n\n\n<div class=\"wp-block-media-text alignwide is-image-fill\"><figure class=\"wp-block-media-text__media\" style=\"background-image:url(http:\/\/afrus.ru\/togliatti\/wp-content\/uploads\/sites\/38\/2021\/04\/chelovek-komanda_bez-ramki_Anna-Igorevna-Vostrikova.jpg);background-position:49.89996337890625% 24.143835616438356%\"><img loading=\"lazy\" decoding=\"async\" width=\"770\" height=\"560\" src=\"http:\/\/afrus.ru\/togliatti\/wp-content\/uploads\/sites\/38\/2021\/04\/chelovek-komanda_bez-ramki_Anna-Igorevna-Vostrikova.jpg\" alt=\"\" class=\"wp-image-5485\" srcset=\"https:\/\/afrus.ru\/togliatti\/wp-content\/uploads\/sites\/38\/2021\/04\/chelovek-komanda_bez-ramki_Anna-Igorevna-Vostrikova.jpg 770w, https:\/\/afrus.ru\/togliatti\/wp-content\/uploads\/sites\/38\/2021\/04\/chelovek-komanda_bez-ramki_Anna-Igorevna-Vostrikova-300x218.jpg 300w, https:\/\/afrus.ru\/togliatti\/wp-content\/uploads\/sites\/38\/2021\/04\/chelovek-komanda_bez-ramki_Anna-Igorevna-Vostrikova-768x560.jpg 768w\" sizes=\"(max-width: 770px) 100vw, 770px\" \/><\/figure><div class=\"wp-block-media-text__content\">\n<h2 class=\"wp-block-heading\">Anna VOSTRIKOVA<\/h2>\n\n\n\n<p>Directrice de l&#8217;Alliance Fran\u00e7aise de Togliatti<\/p>\n<\/div><\/div>\n","protected":false},"excerpt":{"rendered":"<p>Alexe\u00ef VOSTRIKOV Pr\u00e9sident de l&#8217;Alliance Fran\u00e7aise de Togliatti Anna VOSTRIKOVA Directrice de l&#8217;Alliance Fran\u00e7aise de Togliatti<\/p>\n","protected":false},"author":11,"featured_media":1778,"parent":4719,"menu_order":1,"comment_status":"closed","ping_status":"closed","template":"","meta":{"inline_featured_image":false,"footnotes":""},"class_list":["post-6284","page","type-page","status-publish","has-post-thumbnail","hentry"],"_links":{"self":[{"href":"https:\/\/afrus.ru\/togliatti\/wp-json\/wp\/v2\/pages\/6284"}],"collection":[{"href":"https:\/\/afrus.ru\/togliatti\/wp-json\/wp\/v2\/pages"}],"about":[{"href":"https:\/\/afrus.ru\/togliatti\/wp-json\/wp\/v2\/types\/page"}],"author":[{"embeddable":true,"href":"https:\/\/afrus.ru\/togliatti\/wp-json\/wp\/v2\/users\/11"}],"replies":[{"embeddable":true,"href":"https:\/\/afrus.ru\/togliatti\/wp-json\/wp\/v2\/comments?post=6284"}],"version-history":[{"count":18,"href":"https:\/\/afrus.ru\/togliatti\/wp-json\/wp\/v2\/pages\/6284\/revisions"}],"predecessor-version":[{"id":6608,"href":"https:\/\/afrus.ru\/togliatti\/wp-json\/wp\/v2\/pages\/6284\/revisions\/6608"}],"up":[{"embeddable":true,"href":"https:\/\/afrus.ru\/togliatti\/wp-json\/wp\/v2\/pages\/4719"}],"wp:featuredmedia":[{"embeddable":true,"href":"https:\/\/afrus.ru\/togliatti\/wp-json\/wp\/v2\/media\/1778"}],"wp:attachment":[{"href":"https:\/\/afrus.ru\/togliatti\/wp-json\/wp\/v2\/media?parent=6284"}],"curies":[{"name":"wp","href":"https:\/\/api.w.org\/{rel}","templated":true}]}}